CRAN Package Check Results for Package rflexscan

Last updated on 2021-11-30 05:53:30 CET.

Flavor Version Tinstall Tcheck Ttotal Status Flags
r-devel-linux-x86_64-debian-clang 1.0.0 21.56 51.24 72.80 OK
r-devel-linux-x86_64-debian-gcc 1.0.0 17.53 40.00 57.53 OK
r-devel-linux-x86_64-fedora-clang 1.0.0 107.77 NOTE
r-devel-linux-x86_64-fedora-gcc 1.0.0 92.33 NOTE
r-devel-windows-x86_64-new-UL 1.0.0 34.00 121.00 155.00 OK
r-devel-windows-x86_64-new-TK 1.0.0 NOTE
r-devel-windows-x86_64-old 1.0.0 29.00 69.00 98.00 OK
r-patched-linux-x86_64 1.0.0 24.05 48.98 73.03 OK
r-patched-solaris-x86 1.0.0 125.00 NOTE
r-release-linux-x86_64 1.0.0 19.24 49.19 68.43 OK
r-release-macos-arm64 1.0.0 NOTE
r-release-macos-x86_64 1.0.0 NOTE
r-release-windows-ix86+x86_64 1.0.0 53.00 83.00 136.00 OK
r-oldrel-macos-x86_64 1.0.0 NOTE
r-oldrel-windows-ix86+x86_64 1.0.0 37.00 91.00 128.00 OK

Check Details

Version: 1.0.0
Check: dependencies in R code
Result: NOTE
    Namespace in Imports field not imported from: ‘rgdal’
     All declared Imports should be used.
Flavors: r-devel-linux-x86_64-fedora-clang, r-devel-linux-x86_64-fedora-gcc, r-devel-windows-x86_64-new-TK, r-patched-solaris-x86, r-release-macos-arm64, r-release-macos-x86_64, r-oldrel-macos-x86_64