CRAN Package Check Results for Package rgugik

Last updated on 2021-10-22 05:59:58 CEST.

Flavor Version Tinstall Tcheck Ttotal Status Flags
r-devel-linux-x86_64-debian-clang 0.3.1 3.64 31.30 34.94 OK
r-devel-linux-x86_64-debian-gcc 0.3.1 2.77 25.00 27.77 OK
r-devel-linux-x86_64-fedora-clang 0.3.1 53.09 NOTE
r-devel-linux-x86_64-fedora-gcc 0.3.1 41.98 NOTE
r-devel-windows-x86_64 0.3.1 5.00 44.00 49.00 OK
r-devel-windows-x86_64-gcc10-UCRT 0.3.1 NOTE
r-patched-linux-x86_64 0.3.1 3.61 31.44 35.05 OK
r-patched-solaris-x86 0.3.1 64.80 NOTE
r-release-linux-x86_64 0.3.1 3.39 31.78 35.17 OK
r-release-macos-arm64 0.3.1 NOTE
r-release-macos-x86_64 0.3.1 NOTE
r-release-windows-ix86+x86_64 0.3.1 5.00 52.00 57.00 OK
r-oldrel-macos-x86_64 0.3.1 NOTE
r-oldrel-windows-ix86+x86_64 0.3.1 7.00 52.00 59.00 OK

Check Details

Version: 0.3.1
Check: data for non-ASCII characters
Result: NOTE
     Note: found 1473 marked UTF-8 strings
Flavors: r-devel-linux-x86_64-fedora-clang, r-devel-linux-x86_64-fedora-gcc, r-devel-windows-x86_64-gcc10-UCRT, r-patched-solaris-x86, r-release-macos-arm64, r-release-macos-x86_64, r-oldrel-macos-x86_64