CRAN Package Check Results for Package riingo

Last updated on 2021-11-30 05:53:30 CET.

Flavor Version Tinstall Tcheck Ttotal Status Flags
r-devel-linux-x86_64-debian-clang 0.3.1 3.05 31.03 34.08 NOTE
r-devel-linux-x86_64-debian-gcc 0.3.1 2.51 24.45 26.96 NOTE
r-devel-linux-x86_64-fedora-clang 0.3.1 52.87 NOTE
r-devel-linux-x86_64-fedora-gcc 0.3.1 41.81 NOTE
r-devel-windows-x86_64-new-UL 0.3.1 12.00 72.00 84.00 NOTE
r-devel-windows-x86_64-new-TK 0.3.1 NOTE
r-devel-windows-x86_64-old 0.3.1 6.00 36.00 42.00 NOTE
r-patched-linux-x86_64 0.3.1 3.17 29.85 33.02 NOTE
r-patched-solaris-x86 0.3.1 62.20 NOTE
r-release-linux-x86_64 0.3.1 3.12 30.05 33.17 NOTE
r-release-macos-arm64 0.3.1 NOTE
r-release-macos-x86_64 0.3.1 NOTE
r-release-windows-ix86+x86_64 0.3.1 8.00 40.00 48.00 NOTE
r-oldrel-macos-x86_64 0.3.1 OK
r-oldrel-windows-ix86+x86_64 0.3.1 7.00 37.00 44.00 OK

Check Details

Version: 0.3.1
Check: LazyData
Result: NOTE
     'LazyData' is specified without a 'data' directory
Flavors: r-devel-linux-x86_64-debian-clang, r-devel-linux-x86_64-debian-gcc, r-devel-linux-x86_64-fedora-clang, r-devel-linux-x86_64-fedora-gcc, r-devel-windows-x86_64-new-UL, r-devel-windows-x86_64-new-TK, r-devel-windows-x86_64-old, r-patched-linux-x86_64, r-patched-solaris-x86, r-release-linux-x86_64, r-release-macos-arm64, r-release-macos-x86_64, r-release-windows-ix86+x86_64