CRAN Package Check Results for Package rjdmarkdown

Last updated on 2021-10-22 05:59:58 CEST.

Flavor Version Tinstall Tcheck Ttotal Status Flags
r-devel-linux-x86_64-debian-clang 0.2.0 6.34 102.60 108.94 NOTE
r-devel-linux-x86_64-debian-gcc 0.2.0 4.79 82.04 86.83 NOTE
r-devel-linux-x86_64-fedora-clang 0.2.0 144.53 NOTE
r-devel-linux-x86_64-fedora-gcc 0.2.0 130.57 NOTE
r-devel-windows-x86_64 0.2.0 12.00 94.00 106.00 NOTE
r-devel-windows-x86_64-gcc10-UCRT 0.2.0 NOTE
r-patched-linux-x86_64 0.2.0 5.49 115.00 120.49 NOTE
r-release-linux-x86_64 0.2.0 6.52 111.20 117.72 NOTE
r-release-macos-arm64 0.2.0 NOTE
r-release-macos-x86_64 0.2.0 NOTE
r-release-windows-ix86+x86_64 0.2.0 12.00 124.00 136.00 NOTE
r-oldrel-macos-x86_64 0.2.0 OK
r-oldrel-windows-ix86+x86_64 0.2.0 18.00 120.00 138.00 OK

Additional issues

M1mac

Check Details

Version: 0.2.0
Check: LazyData
Result: NOTE
     'LazyData' is specified without a 'data' directory
Flavors: r-devel-linux-x86_64-debian-clang, r-devel-linux-x86_64-debian-gcc, r-devel-linux-x86_64-fedora-clang, r-devel-linux-x86_64-fedora-gcc, r-devel-windows-x86_64, r-devel-windows-x86_64-gcc10-UCRT, r-patched-linux-x86_64, r-release-linux-x86_64, r-release-macos-arm64, r-release-macos-x86_64, r-release-windows-ix86+x86_64