CRAN Package Check Results for Package rlang

Last updated on 2019-11-20 05:47:18 CET.

Flavor Version Tinstall Tcheck Ttotal Status Flags
r-devel-linux-x86_64-debian-clang 0.4.1 11.28 81.50 92.78 OK
r-devel-linux-x86_64-debian-gcc 0.4.1 9.59 73.28 82.87 OK
r-devel-linux-x86_64-fedora-clang 0.4.1 120.64 OK
r-devel-linux-x86_64-fedora-gcc 0.4.1 122.11 OK
r-devel-windows-ix86+x86_64 0.4.1 5.00 6.00 11.00 ERROR
r-devel-windows-ix86+x86_64-gcc8 0.4.1 45.00 136.00 181.00 OK
r-patched-linux-x86_64 0.4.1 11.92 85.43 97.35 OK
r-patched-solaris-x86 0.4.1 198.80 OK
r-release-linux-x86_64 0.4.1 10.77 87.23 98.00 OK
r-release-windows-ix86+x86_64 0.4.1 4.00 7.00 11.00 ERROR
r-release-osx-x86_64 0.4.1 OK
r-oldrel-windows-ix86+x86_64 0.4.1 47.00 165.00 212.00 OK
r-oldrel-osx-x86_64 0.4.1 OK

Check Details

Version: 0.4.1
Check: whether package can be installed
Result: ERROR
    Installation failed.
Flavors: r-devel-windows-ix86+x86_64, r-release-windows-ix86+x86_64