CRAN Package Check Results for Package rmRNAseq

Last updated on 2020-10-29 05:49:31 CET.

Flavor Version Tinstall Tcheck Ttotal Status Flags
r-devel-linux-x86_64-debian-clang 0.1.0 39.89 323.01 362.90 OK
r-devel-linux-x86_64-debian-gcc 0.1.0 32.93 241.20 274.13 OK
r-devel-linux-x86_64-fedora-clang 0.1.0 471.10 NOTE
r-devel-linux-x86_64-fedora-gcc 0.1.0 464.45 NOTE
r-devel-windows-ix86+x86_64 0.1.0 88.00 305.00 393.00 OK
r-patched-linux-x86_64 0.1.0 35.72 302.75 338.47 OK
r-patched-solaris-x86 0.1.0 583.30 NOTE
r-release-linux-x86_64 0.1.0 36.57 294.42 330.99 OK
r-release-macos-x86_64 0.1.0 ERROR
r-release-windows-ix86+x86_64 0.1.0 69.00 275.00 344.00 OK
r-oldrel-macos-x86_64 0.1.0 ERROR
r-oldrel-windows-ix86+x86_64 0.1.0 82.00 346.00 428.00 OK

Check Details

Version: 0.1.0
Check: dependencies in R code
Result: NOTE
    Namespace in Imports field not imported from: ‘statmod’
     All declared Imports should be used.
Flavors: r-devel-linux-x86_64-fedora-clang, r-devel-linux-x86_64-fedora-gcc, r-patched-solaris-x86

Version: 0.1.0
Check: package dependencies
Result: ERROR
    Package required but not available: ‘splineTimeR’
    
    See section ‘The DESCRIPTION file’ in the ‘Writing R Extensions’
    manual.
Flavors: r-release-macos-x86_64, r-oldrel-macos-x86_64