CRAN Package Check Results for Package rminizinc

Last updated on 2024-06-13 06:58:16 CEST.

Flavor Version Tinstall Tcheck Ttotal Status Flags
r-devel-linux-x86_64-debian-clang 0.0.8 76.75 78.36 155.11 NOTE
r-devel-linux-x86_64-debian-gcc 0.0.8 49.75 58.14 107.89 ERROR
r-devel-linux-x86_64-fedora-clang 0.0.8 223.66 NOTE
r-devel-linux-x86_64-fedora-gcc 0.0.8 219.61 NOTE
r-devel-windows-x86_64 0.0.8 93.00 114.00 207.00 NOTE
r-patched-linux-x86_64 0.0.8 66.72 75.14 141.86 NOTE
r-release-linux-x86_64 0.0.8 63.80 77.35 141.15 NOTE
r-release-macos-arm64 0.0.8 68.00 NOTE
r-release-macos-x86_64 0.0.8 111.00 NOTE
r-release-windows-x86_64 0.0.8 94.00 119.00 213.00 NOTE
r-oldrel-macos-arm64 0.0.8 70.00 NOTE
r-oldrel-macos-x86_64 0.0.8 116.00 NOTE
r-oldrel-windows-x86_64 0.0.8 99.00 132.00 231.00 NOTE

Check Details

Version: 0.0.8
Check: C++ specification
Result: NOTE Specified C++11: please drop specification unless essential Flavors: r-devel-linux-x86_64-debian-clang, r-devel-linux-x86_64-debian-gcc, r-devel-linux-x86_64-fedora-clang, r-devel-linux-x86_64-fedora-gcc, r-devel-windows-x86_64, r-patched-linux-x86_64, r-release-linux-x86_64, r-release-macos-arm64, r-release-macos-x86_64, r-release-windows-x86_64, r-oldrel-macos-arm64, r-oldrel-macos-x86_64, r-oldrel-windows-x86_64

Version: 0.0.8
Check: package dependencies
Result: NOTE Packages suggested but not available for checking: 'testthat', 'stringr' Flavor: r-devel-linux-x86_64-debian-gcc

Version: 0.0.8
Check: tests
Result: ERROR Running ‘testthat.R’ [0s/1s] Running the tests in ‘tests/testthat.R’ failed. Complete output: > library(testthat) Error in library(testthat) : there is no package called 'testthat' Execution halted Flavor: r-devel-linux-x86_64-debian-gcc

Version: 0.0.8
Check: installed package size
Result: NOTE installed size is 5.9Mb sub-directories of 1Mb or more: minizinc 3.4Mb Flavors: r-devel-linux-x86_64-fedora-clang, r-devel-windows-x86_64, r-release-macos-arm64, r-release-macos-x86_64, r-release-windows-x86_64, r-oldrel-macos-arm64, r-oldrel-macos-x86_64, r-oldrel-windows-x86_64