CRAN Package Check Results for Package rmytarget

Last updated on 2020-07-15 05:48:20 CEST.

Flavor Version Tinstall Tcheck Ttotal Status Flags
r-devel-linux-x86_64-debian-clang 2.1.8 5.06 46.28 51.34 OK
r-devel-linux-x86_64-debian-gcc 2.1.8 4.78 35.43 40.21 OK
r-devel-linux-x86_64-fedora-clang 2.1.8 71.49 OK
r-devel-linux-x86_64-fedora-gcc 2.1.8 65.34 OK
r-devel-windows-ix86+x86_64 2.1.8 26.00 55.00 81.00 OK
r-patched-linux-x86_64 2.1.8 5.84 45.22 51.06 OK
r-patched-solaris-x86 2.1.8 93.10 OK
r-release-linux-x86_64 2.1.8 5.92 44.91 50.83 OK
r-release-macos-x86_64 2.1.8 ERROR
r-release-windows-ix86+x86_64 2.1.8 21.00 60.00 81.00 OK
r-oldrel-macos-x86_64 2.1.8 OK
r-oldrel-windows-ix86+x86_64 2.1.8 14.00 75.00 89.00 OK

Check Details

Version: 2.1.8
Check: whether package can be installed
Result: ERROR
    Installation failed.
Flavor: r-release-macos-x86_64