CRAN Package Check Results for Package rnaturalearth

Last updated on 2021-10-17 05:49:23 CEST.

Flavor Version Tinstall Tcheck Ttotal Status Flags
r-devel-linux-x86_64-debian-clang 0.1.0 6.07 79.86 85.93 NOTE
r-devel-linux-x86_64-debian-gcc 0.1.0 4.09 59.65 63.74 NOTE
r-devel-linux-x86_64-fedora-clang 0.1.0 114.05 NOTE
r-devel-linux-x86_64-fedora-gcc 0.1.0 94.59 NOTE
r-devel-windows-x86_64 0.1.0 10.00 84.00 94.00 NOTE
r-devel-windows-x86_64-gcc10-UCRT 0.1.0 NOTE
r-patched-linux-x86_64 0.1.0 4.39 69.99 74.38 NOTE
r-patched-solaris-x86 0.1.0 134.30 NOTE
r-release-linux-x86_64 0.1.0 5.67 69.84 75.51 NOTE
r-release-macos-arm64 0.1.0 NOTE
r-release-macos-x86_64 0.1.0 NOTE
r-release-windows-ix86+x86_64 0.1.0 11.00 94.00 105.00 NOTE
r-oldrel-macos-x86_64 0.1.0 NOTE
r-oldrel-windows-ix86+x86_64 0.1.0 16.00 92.00 108.00 NOTE

Check Details

Version: 0.1.0
Check: package dependencies
Result: NOTE
    Package suggested but not available for checking: 'rnaturalearthhires'
Flavors: r-devel-linux-x86_64-debian-clang, r-devel-linux-x86_64-debian-gcc, r-devel-linux-x86_64-fedora-clang, r-devel-linux-x86_64-fedora-gcc, r-devel-windows-x86_64, r-devel-windows-x86_64-gcc10-UCRT, r-patched-linux-x86_64, r-patched-solaris-x86, r-release-linux-x86_64, r-release-macos-arm64, r-release-macos-x86_64, r-release-windows-ix86+x86_64, r-oldrel-macos-x86_64, r-oldrel-windows-ix86+x86_64

Version: 0.1.0
Check: data for non-ASCII characters
Result: NOTE
     Note: found 7 marked Latin-1 strings
Flavors: r-devel-linux-x86_64-fedora-clang, r-devel-linux-x86_64-fedora-gcc, r-devel-windows-x86_64-gcc10-UCRT, r-patched-solaris-x86, r-release-macos-arm64, r-release-macos-x86_64, r-oldrel-macos-x86_64