CRAN Package Check Results for Package rnmamod

Last updated on 2024-06-13 06:58:16 CEST.

Flavor Version Tinstall Tcheck Ttotal Status Flags
r-devel-linux-x86_64-debian-clang 0.4.0 24.34 245.48 269.82 OK
r-devel-linux-x86_64-debian-gcc 0.4.0 0.53 1.93 2.46 ERROR
r-devel-linux-x86_64-fedora-clang 0.4.0 343.50 NOTE
r-devel-linux-x86_64-fedora-gcc 0.4.0 332.29 OK
r-devel-windows-x86_64 0.4.0 23.00 207.00 230.00 OK
r-patched-linux-x86_64 0.4.0 27.22 236.82 264.04 OK
r-release-linux-x86_64 0.4.0 22.17 239.38 261.55 OK
r-release-macos-arm64 0.4.0 90.00 OK
r-release-macos-x86_64 0.4.0 140.00 OK
r-release-windows-x86_64 0.4.0 23.00 208.00 231.00 OK
r-oldrel-macos-arm64 0.4.0 91.00 OK
r-oldrel-macos-x86_64 0.4.0 145.00 OK
r-oldrel-windows-x86_64 0.4.0 29.00 241.00 270.00 OK

Check Details

Version: 0.4.0
Check: package dependencies
Result: ERROR Packages required but not available: 'dendextend', 'gemtc', 'ggfittext', 'ggplot2', 'ggpubr', 'ggrepel', 'heatmaply', 'igraph', 'R2jags', 'reshape2', 'stringr' Package suggested but not available for checking: ‘testthat’ See section ‘The DESCRIPTION file’ in the ‘Writing R Extensions’ manual. Flavor: r-devel-linux-x86_64-debian-gcc

Version: 0.4.0
Check: Rd cross-references
Result: NOTE Undeclared packages ‘netmeta’, ‘metafor’ in Rd xrefs Flavor: r-devel-linux-x86_64-fedora-clang