CRAN Package Check Results for Package rnn

Last updated on 2021-10-15 05:54:02 CEST.

Flavor Version Tinstall Tcheck Ttotal Status Flags
r-devel-linux-x86_64-debian-clang 1.4.0 6.34 251.25 257.59 NOTE
r-devel-linux-x86_64-debian-gcc 1.4.0 4.40 166.26 170.66 NOTE
r-devel-linux-x86_64-fedora-clang 1.4.0 303.03 NOTE
r-devel-linux-x86_64-fedora-gcc 1.4.0 285.82 NOTE
r-devel-windows-x86_64 1.4.0 8.00 225.00 233.00 NOTE
r-devel-windows-x86_64-gcc10-UCRT 1.4.0 NOTE
r-patched-linux-x86_64 1.4.0 5.66 233.34 239.00 NOTE
r-patched-solaris-x86 1.4.0 350.10 NOTE
r-release-linux-x86_64 1.4.0 5.68 236.19 241.87 NOTE
r-release-macos-arm64 1.4.0 NOTE
r-release-macos-x86_64 1.4.0 NOTE
r-release-windows-ix86+x86_64 1.4.0 12.00 300.00 312.00 NOTE
r-oldrel-macos-x86_64 1.4.0 OK
r-oldrel-windows-ix86+x86_64 1.4.0 15.00 295.00 310.00 OK

Check Details

Version: 1.4.0
Check: LazyData
Result: NOTE
     'LazyData' is specified without a 'data' directory
Flavors: r-devel-linux-x86_64-debian-clang, r-devel-linux-x86_64-debian-gcc, r-devel-linux-x86_64-fedora-clang, r-devel-linux-x86_64-fedora-gcc, r-devel-windows-x86_64, r-devel-windows-x86_64-gcc10-UCRT, r-patched-linux-x86_64, r-patched-solaris-x86, r-release-linux-x86_64, r-release-macos-arm64, r-release-macos-x86_64, r-release-windows-ix86+x86_64