CRAN Package Check Results for Package rnr

Last updated on 2024-06-21 06:58:22 CEST.

Flavor Version Tinstall Tcheck Ttotal Status Flags
r-devel-linux-x86_64-debian-clang 0.2.1 1.73 24.83 26.56 NOTE
r-devel-linux-x86_64-debian-gcc 0.2.1 1.67 19.74 21.41 NOTE
r-devel-linux-x86_64-fedora-clang 0.2.1 34.76 NOTE
r-devel-linux-x86_64-fedora-gcc 0.2.1 32.75 NOTE
r-devel-windows-x86_64 0.2.1 4.00 41.00 45.00 NOTE
r-patched-linux-x86_64 0.2.1 2.28 24.54 26.82 NOTE
r-release-linux-x86_64 0.2.1 1.31 25.08 26.39 NOTE
r-release-macos-arm64 0.2.1 16.00 NOTE
r-release-macos-x86_64 0.2.1 23.00 NOTE
r-release-windows-x86_64 0.2.1 3.00 43.00 46.00 NOTE
r-oldrel-macos-arm64 0.2.1 16.00 NOTE
r-oldrel-macos-x86_64 0.2.1 20.00 NOTE
r-oldrel-windows-x86_64 0.2.1 3.00 43.00 46.00 NOTE

Check Details

Version: 0.2.1
Check: LazyData
Result: NOTE 'LazyData' is specified without a 'data' directory Flavors: r-devel-linux-x86_64-debian-clang, r-devel-linux-x86_64-debian-gcc, r-devel-linux-x86_64-fedora-clang, r-devel-linux-x86_64-fedora-gcc, r-devel-windows-x86_64, r-patched-linux-x86_64, r-release-linux-x86_64, r-release-macos-arm64, r-release-macos-x86_64, r-release-windows-x86_64, r-oldrel-macos-arm64, r-oldrel-macos-x86_64, r-oldrel-windows-x86_64