Last updated on 2021-01-18 05:47:37 CET.
Flavor | Version | Tinstall | Tcheck | Ttotal | Status | Flags |
---|---|---|---|---|---|---|
r-devel-linux-x86_64-debian-clang | 0.1.0 | 245.62 | 52.96 | 298.58 | OK | |
r-devel-linux-x86_64-debian-gcc | 0.1.0 | 154.47 | 39.13 | 193.60 | OK | |
r-devel-linux-x86_64-fedora-clang | 0.1.0 | 434.63 | NOTE | |||
r-devel-linux-x86_64-fedora-gcc | 0.1.0 | 372.23 | OK | |||
r-devel-windows-ix86+x86_64 | 0.1.0 | 405.00 | 108.00 | 513.00 | OK | |
r-patched-linux-x86_64 | 0.1.0 | 186.62 | 51.96 | 238.58 | OK | |
r-patched-solaris-x86 | 0.1.0 | 322.50 | OK | |||
r-release-linux-x86_64 | 0.1.0 | 185.35 | 52.15 | 237.50 | OK | |
r-release-macos-x86_64 | 0.1.0 | NOTE | ||||
r-release-windows-ix86+x86_64 | 0.1.0 | 551.00 | 110.00 | 661.00 | OK | |
r-oldrel-macos-x86_64 | 0.1.0 | NOTE | ||||
r-oldrel-windows-ix86+x86_64 | 0.1.0 | 484.00 | 92.00 | 576.00 | OK |
Version: 0.1.0
Check: installed package size
Result: NOTE
installed size is 12.1Mb
sub-directories of 1Mb or more:
libs 11.5Mb
Flavors: r-devel-linux-x86_64-fedora-clang, r-release-macos-x86_64, r-oldrel-macos-x86_64