CRAN Package Check Results for Package robumeta

Last updated on 2019-09-15 05:46:25 CEST.

Flavor Version Tinstall Tcheck Ttotal Status Flags
r-devel-linux-x86_64-debian-clang 2.0 2.97 26.55 29.52 OK
r-devel-linux-x86_64-debian-gcc 2.0 2.29 21.38 23.67 OK
r-devel-linux-x86_64-fedora-clang 2.0 36.25 NOTE
r-devel-linux-x86_64-fedora-gcc 2.0 35.90 NOTE
r-devel-windows-ix86+x86_64 2.0 16.00 36.00 52.00 OK
r-patched-linux-x86_64 2.0 3.02 26.22 29.24 OK
r-patched-solaris-x86 2.0 49.70 NOTE
r-release-linux-x86_64 2.0 2.41 26.66 29.07 OK
r-release-windows-ix86+x86_64 2.0 10.00 57.00 67.00 OK
r-release-osx-x86_64 2.0 NOTE
r-oldrel-windows-ix86+x86_64 2.0 10.00 37.00 47.00 OK
r-oldrel-osx-x86_64 2.0 NOTE

Check Details

Version: 2.0
Check: data for non-ASCII characters
Result: NOTE
     Note: found 6 marked UTF-8 strings
Flavors: r-devel-linux-x86_64-fedora-clang, r-devel-linux-x86_64-fedora-gcc, r-patched-solaris-x86, r-release-osx-x86_64, r-oldrel-osx-x86_64