CRAN Package Check Results for Package robustlm

Last updated on 2021-12-06 05:53:21 CET.

Flavor Version Tinstall Tcheck Ttotal Status Flags
r-devel-linux-x86_64-debian-clang 0.1.0 2.52 39.45 41.97 NOTE
r-devel-linux-x86_64-debian-gcc 0.1.0 1.95 30.25 32.20 NOTE
r-devel-linux-x86_64-fedora-clang 0.1.0 52.27 NOTE
r-devel-linux-x86_64-fedora-gcc 0.1.0 41.27 NOTE
r-devel-windows-x86_64-new-UL 0.1.0 7.00 68.00 75.00 NOTE
r-devel-windows-x86_64-new-TK 0.1.0 NOTE
r-devel-windows-x86_64-old 0.1.0 6.00 41.00 47.00 NOTE
r-patched-linux-x86_64 0.1.0 2.21 30.00 32.21 NOTE
r-release-linux-x86_64 0.1.0 1.95 37.51 39.46 NOTE
r-release-macos-arm64 0.1.0 NOTE
r-release-macos-x86_64 0.1.0 NOTE
r-release-windows-ix86+x86_64 0.1.0 6.00 50.00 56.00 NOTE
r-oldrel-macos-x86_64 0.1.0 OK
r-oldrel-windows-ix86+x86_64 0.1.0 6.00 49.00 55.00 OK

Check Details

Version: 0.1.0
Check: LazyData
Result: NOTE
     'LazyData' is specified without a 'data' directory
Flavors: r-devel-linux-x86_64-debian-clang, r-devel-linux-x86_64-debian-gcc, r-devel-linux-x86_64-fedora-clang, r-devel-linux-x86_64-fedora-gcc, r-devel-windows-x86_64-new-UL, r-devel-windows-x86_64-new-TK, r-devel-windows-x86_64-old, r-patched-linux-x86_64, r-release-linux-x86_64, r-release-macos-arm64, r-release-macos-x86_64, r-release-windows-ix86+x86_64