Last updated on 2023-02-05 05:52:13 CET.
Flavor | Version | Tinstall | Tcheck | Ttotal | Status | Flags |
---|---|---|---|---|---|---|
r-devel-linux-x86_64-debian-clang | 1.1.6 | 59.90 | 32.80 | 92.70 | NOTE | |
r-devel-linux-x86_64-debian-gcc | 1.1.6 | 53.05 | 24.90 | 77.95 | NOTE | |
r-devel-linux-x86_64-fedora-clang | 1.1.6 | 124.26 | NOTE | |||
r-devel-linux-x86_64-fedora-gcc | 1.1.6 | 132.43 | NOTE | |||
r-devel-windows-x86_64 | 1.1.6 | 60.00 | 88.00 | 148.00 | NOTE | |
r-patched-linux-x86_64 | 1.1.6 | 50.80 | 30.63 | 81.43 | NOTE | |
r-release-linux-x86_64 | 1.1.6 | 51.48 | 31.92 | 83.40 | NOTE | |
r-release-macos-arm64 | 1.1.6 | 37.00 | NOTE | |||
r-release-macos-x86_64 | 1.1.6 | 47.00 | NOTE | |||
r-release-windows-x86_64 | 1.1.6 | 54.00 | 94.00 | 148.00 | NOTE | |
r-oldrel-macos-arm64 | 1.1.6 | 41.00 | NOTE | |||
r-oldrel-macos-x86_64 | 1.1.6 | 75.00 | NOTE | |||
r-oldrel-windows-ix86+x86_64 | 1.1.6 | 138.00 | 89.00 | 227.00 | NOTE |
Version: 1.1.6
Check: C++ specification
Result: NOTE
Specified C++11: please update to current default of C++17
Flavors: r-devel-linux-x86_64-debian-clang, r-devel-linux-x86_64-debian-gcc, r-devel-linux-x86_64-fedora-clang, r-devel-linux-x86_64-fedora-gcc, r-devel-windows-x86_64
Version: 1.1.6
Check: for GNU extensions in Makefiles
Result: NOTE
GNU make is a SystemRequirements.
Flavors: r-devel-linux-x86_64-debian-clang, r-devel-linux-x86_64-debian-gcc, r-devel-linux-x86_64-fedora-clang, r-devel-linux-x86_64-fedora-gcc, r-devel-windows-x86_64, r-patched-linux-x86_64, r-release-linux-x86_64, r-release-macos-arm64, r-release-macos-x86_64, r-release-windows-x86_64, r-oldrel-macos-arm64, r-oldrel-macos-x86_64, r-oldrel-windows-ix86+x86_64
Version: 1.1.6
Check: installed package size
Result: NOTE
installed size is 5.5Mb
sub-directories of 1Mb or more:
libs 5.3Mb
Flavors: r-release-macos-arm64, r-release-macos-x86_64, r-oldrel-macos-arm64, r-oldrel-macos-x86_64