CRAN Package Check Results for Package roloc

Last updated on 2021-09-21 05:51:32 CEST.

Flavor Version Tinstall Tcheck Ttotal Status Flags
r-devel-linux-x86_64-debian-clang 0.1-1 2.69 30.67 33.36 OK
r-devel-linux-x86_64-debian-gcc 0.1-1 2.19 24.05 26.24 OK
r-devel-linux-x86_64-fedora-clang 0.1-1 49.17 OK
r-devel-linux-x86_64-fedora-gcc 0.1-1 38.06 OK
r-devel-windows-x86_64 0.1-1 4.00 38.00 42.00 OK
r-devel-windows-x86_64-gcc10-UCRT 0.1-1 ERROR
r-patched-linux-x86_64 0.1-1 2.93 29.45 32.38 OK
r-patched-solaris-x86 0.1-1 61.10 OK
r-release-linux-x86_64 0.1-1 2.70 29.53 32.23 OK
r-release-macos-arm64 0.1-1 OK
r-release-macos-x86_64 0.1-1 OK
r-release-windows-ix86+x86_64 0.1-1 6.00 37.00 43.00 OK
r-oldrel-macos-x86_64 0.1-1 OK
r-oldrel-windows-ix86+x86_64 0.1-1 6.00 38.00 44.00 OK

Check Details

Version: 0.1-1
Check: whether package can be installed
Result: WARN
    Found the following significant warnings:
     WARNING: installation-time patches will not be applied, could not get the patches index
Flavor: r-devel-windows-x86_64-gcc10-UCRT

Version: 0.1-1
Check: PDF version of manual
Result: WARN
    LaTeX errors when creating PDF version.
    This typically indicates Rd problems.
Flavor: r-devel-windows-x86_64-gcc10-UCRT

Version: 0.1-1
Check: PDF version of manual without hyperrefs or index
Result: ERROR
    Re-running with no redirection of stdout/stderr.
Flavor: r-devel-windows-x86_64-gcc10-UCRT