CRAN Package Check Results for Package roptions

Last updated on 2024-06-24 06:49:21 CEST.

Flavor Version Tinstall Tcheck Ttotal Status Flags
r-devel-linux-x86_64-debian-clang 1.0.3 5.49 65.42 70.91 NOTE
r-devel-linux-x86_64-debian-gcc 1.0.3 5.08 48.65 53.73 NOTE
r-devel-linux-x86_64-fedora-clang 1.0.3 91.31 NOTE
r-devel-linux-x86_64-fedora-gcc 1.0.3 84.24 NOTE
r-devel-windows-x86_64 1.0.3 7.00 71.00 78.00 NOTE
r-patched-linux-x86_64 1.0.3 6.79 62.41 69.20 NOTE
r-release-linux-x86_64 1.0.3 5.94 61.86 67.80 NOTE
r-release-macos-arm64 1.0.3 32.00 NOTE
r-release-macos-x86_64 1.0.3 42.00 NOTE
r-release-windows-x86_64 1.0.3 9.00 72.00 81.00 NOTE
r-oldrel-macos-arm64 1.0.3 28.00 NOTE
r-oldrel-macos-x86_64 1.0.3 44.00 NOTE
r-oldrel-windows-x86_64 1.0.3 10.00 82.00 92.00 NOTE

Check Details

Version: 1.0.3
Check: LazyData
Result: NOTE 'LazyData' is specified without a 'data' directory Flavors: r-devel-linux-x86_64-debian-clang, r-devel-linux-x86_64-debian-gcc, r-devel-linux-x86_64-fedora-clang, r-devel-linux-x86_64-fedora-gcc, r-devel-windows-x86_64, r-patched-linux-x86_64, r-release-linux-x86_64, r-release-macos-arm64, r-release-macos-x86_64, r-release-windows-x86_64, r-oldrel-macos-arm64, r-oldrel-macos-x86_64, r-oldrel-windows-x86_64