CRAN Package Check Results for Package rotations

Last updated on 2023-02-09 05:54:21 CET.

Flavor Version Tinstall Tcheck Ttotal Status Flags
r-devel-linux-x86_64-debian-clang 1.6.4 128.73 105.26 233.99 NOTE
r-devel-linux-x86_64-debian-gcc 1.6.4 99.62 76.78 176.40 NOTE
r-devel-linux-x86_64-fedora-clang 1.6.4 321.00 NOTE
r-devel-linux-x86_64-fedora-gcc 1.6.4 332.01 NOTE
r-devel-windows-x86_64 1.6.4 170.00 221.00 391.00 NOTE
r-patched-linux-x86_64 1.6.4 110.18 98.48 208.66 OK
r-release-linux-x86_64 1.6.4 110.10 98.13 208.23 OK
r-release-macos-arm64 1.6.4 77.00 NOTE
r-release-macos-x86_64 1.6.4 107.00 NOTE
r-release-windows-x86_64 1.6.4 267.00 241.00 508.00 NOTE
r-oldrel-macos-arm64 1.6.4 76.00 NOTE
r-oldrel-macos-x86_64 1.6.4 105.00 NOTE
r-oldrel-windows-ix86+x86_64 1.6.4 304.00 185.00 489.00 NOTE

Additional issues

donttest

Check Details

Version: 1.6.4
Check: C++ specification
Result: NOTE
     Specified C++11: please update to current default of C++17
Flavor: r-devel-linux-x86_64-debian-clang

Version: 1.6.4
Check: C++ specification
Result: NOTE
     Specified C++11: please drop specification unless essential
Flavors: r-devel-linux-x86_64-debian-gcc, r-devel-linux-x86_64-fedora-clang, r-devel-linux-x86_64-fedora-gcc, r-devel-windows-x86_64

Version: 1.6.4
Check: installed package size
Result: NOTE
     installed size is 5.0Mb
     sub-directories of 1Mb or more:
     R 1.1Mb
     data 2.7Mb
Flavors: r-devel-linux-x86_64-fedora-clang, r-devel-windows-x86_64, r-release-macos-arm64, r-release-macos-x86_64, r-release-windows-x86_64, r-oldrel-macos-arm64, r-oldrel-macos-x86_64, r-oldrel-windows-ix86+x86_64