Last updated on 2019-12-13 05:47:58 CET.
Flavor | Version | Tinstall | Tcheck | Ttotal | Status | Flags |
---|---|---|---|---|---|---|
r-devel-linux-x86_64-debian-clang | 1.0.0 | 4.06 | 31.24 | 35.30 | OK | |
r-devel-linux-x86_64-debian-gcc | 1.0.0 | 3.06 | 25.47 | 28.53 | OK | |
r-devel-linux-x86_64-fedora-clang | 1.0.0 | 43.10 | NOTE | |||
r-devel-linux-x86_64-fedora-gcc | 1.0.0 | 44.11 | NOTE | |||
r-devel-windows-ix86+x86_64 | 1.0.0 | 14.00 | 67.00 | 81.00 | OK | |
r-devel-windows-ix86+x86_64-gcc8 | 1.0.0 | 22.00 | 66.00 | 88.00 | OK | |
r-patched-linux-x86_64 | 1.0.0 | 3.09 | 29.23 | 32.32 | OK | |
r-patched-solaris-x86 | 1.0.0 | 59.00 | NOTE | |||
r-release-linux-x86_64 | 1.0.0 | 3.20 | 28.72 | 31.92 | OK | |
r-release-windows-ix86+x86_64 | 1.0.0 | 8.00 | 44.00 | 52.00 | OK | |
r-release-osx-x86_64 | 1.0.0 | NOTE | ||||
r-oldrel-windows-ix86+x86_64 | 1.0.0 | 5.00 | 46.00 | 51.00 | OK | |
r-oldrel-osx-x86_64 | 1.0.0 | NOTE |
Version: 1.0.0
Check: dependencies in R code
Result: NOTE
Namespace in Imports field not imported from: ‘withr’
All declared Imports should be used.
Flavors: r-devel-linux-x86_64-fedora-clang, r-devel-linux-x86_64-fedora-gcc, r-patched-solaris-x86, r-release-osx-x86_64, r-oldrel-osx-x86_64