CRAN Package Check Results for Package roxygen2md

Last updated on 2020-07-09 05:48:00 CEST.

Flavor Version Tinstall Tcheck Ttotal Status Flags
r-devel-linux-x86_64-debian-clang 1.0.0 2.93 28.69 31.62 OK
r-devel-linux-x86_64-debian-gcc 1.0.0 2.56 23.13 25.69 OK
r-devel-linux-x86_64-fedora-clang 1.0.0 47.45 NOTE
r-devel-linux-x86_64-fedora-gcc 1.0.0 39.15 NOTE
r-devel-windows-ix86+x86_64 1.0.0 16.00 45.00 61.00 OK
r-patched-linux-x86_64 1.0.0 3.24 28.32 31.56 OK
r-patched-solaris-x86 1.0.0 57.70 NOTE
r-release-linux-x86_64 1.0.0 2.59 28.83 31.42 OK
r-release-osx-x86_64 1.0.0 NOTE
r-release-windows-ix86+x86_64 1.0.0 9.00 39.00 48.00 OK
r-oldrel-osx-x86_64 1.0.0 NOTE
r-oldrel-windows-ix86+x86_64 1.0.0 22.00 55.00 77.00 OK

Check Details

Version: 1.0.0
Check: dependencies in R code
Result: NOTE
    Namespace in Imports field not imported from: ‘withr’
     All declared Imports should be used.
Flavors: r-devel-linux-x86_64-fedora-clang, r-devel-linux-x86_64-fedora-gcc, r-patched-solaris-x86, r-release-osx-x86_64, r-oldrel-osx-x86_64