CRAN Package Check Results for Package rpf

Last updated on 2023-02-08 06:00:15 CET.

Flavor Version Tinstall Tcheck Ttotal Status Flags
r-devel-linux-x86_64-debian-clang 1.0.11 160.78 100.03 260.81 NOTE
r-devel-linux-x86_64-debian-gcc 1.0.11 124.96 75.09 200.05 NOTE
r-devel-linux-x86_64-fedora-clang 1.0.11 349.18 NOTE
r-devel-linux-x86_64-fedora-gcc 1.0.11 359.83 NOTE
r-devel-windows-x86_64 1.0.11 139.00 173.00 312.00 OK
r-patched-linux-x86_64 1.0.11 130.99 92.70 223.69 OK
r-release-linux-x86_64 1.0.11 135.84 86.60 222.44 OK
r-release-macos-arm64 1.0.11 94.00 NOTE
r-release-macos-x86_64 1.0.11 116.00 NOTE
r-release-windows-x86_64 1.0.11 131.00 161.00 292.00 OK
r-oldrel-macos-arm64 1.0.11 95.00 NOTE
r-oldrel-macos-x86_64 1.0.11 133.00 NOTE
r-oldrel-windows-ix86+x86_64 1.0.11 324.00 164.00 488.00 OK

Check Details

Version: 1.0.11
Check: C++ specification
Result: NOTE
     Specified C++14: please update to current default of C++17
Flavor: r-devel-linux-x86_64-debian-clang

Version: 1.0.11
Check: C++ specification
Result: NOTE
     Specified C++14: please drop specification unless essential
Flavors: r-devel-linux-x86_64-debian-gcc, r-devel-linux-x86_64-fedora-clang, r-devel-linux-x86_64-fedora-gcc

Version: 1.0.11
Check: installed package size
Result: NOTE
     installed size is 22.4Mb
     sub-directories of 1Mb or more:
     libs 21.4Mb
Flavors: r-release-macos-arm64, r-release-macos-x86_64, r-oldrel-macos-arm64, r-oldrel-macos-x86_64