CRAN Package Check Results for Package rptR

Last updated on 2019-12-16 05:46:43 CET.

Flavor Version Tinstall Tcheck Ttotal Status Flags
r-devel-linux-x86_64-debian-clang 0.9.22 5.33 161.17 166.50 OK
r-devel-linux-x86_64-debian-gcc 0.9.22 3.45 118.41 121.86 OK
r-devel-linux-x86_64-fedora-clang 0.9.22 193.26 NOTE
r-devel-linux-x86_64-fedora-gcc 0.9.22 202.06 NOTE
r-devel-windows-ix86+x86_64 0.9.22 8.00 228.00 236.00 OK
r-devel-windows-ix86+x86_64-gcc8 0.9.22 9.00 227.00 236.00 OK
r-patched-linux-x86_64 0.9.22 4.19 147.54 151.73 OK
r-patched-solaris-x86 0.9.22 266.00 NOTE
r-release-linux-x86_64 0.9.22 3.95 149.19 153.14 OK
r-release-windows-ix86+x86_64 0.9.22 7.00 186.00 193.00 OK
r-release-osx-x86_64 0.9.22 NOTE
r-oldrel-windows-ix86+x86_64 0.9.22 6.00 180.00 186.00 OK
r-oldrel-osx-x86_64 0.9.22 NOTE

Check Details

Version: 0.9.22
Check: dependencies in R code
Result: NOTE
    Namespace in Imports field not imported from: ‘methods’
     All declared Imports should be used.
Flavors: r-devel-linux-x86_64-fedora-clang, r-devel-linux-x86_64-fedora-gcc, r-patched-solaris-x86, r-release-osx-x86_64, r-oldrel-osx-x86_64