CRAN Package Check Results for Package rrpack

Last updated on 2023-10-01 06:53:18 CEST.

Flavor Version Tinstall Tcheck Ttotal Status Flags
r-devel-linux-x86_64-debian-clang 0.1-13 127.34 127.25 254.59 NOTE
r-devel-linux-x86_64-debian-gcc 0.1-13 85.17 93.47 178.64 NOTE
r-devel-linux-x86_64-fedora-clang 0.1-13 351.54 NOTE
r-devel-linux-x86_64-fedora-gcc 0.1-13 341.19 NOTE
r-devel-windows-x86_64 0.1-13 97.00 121.00 218.00 NOTE
r-patched-linux-x86_64 0.1-13 114.23 121.40 235.63 NOTE
r-release-linux-x86_64 0.1-13 119.02 123.59 242.61 NOTE
r-release-macos-arm64 0.1-13 80.00 NOTE
r-release-macos-x86_64 0.1-13 140.00 NOTE
r-release-windows-x86_64 0.1-13 124.00 148.00 272.00 NOTE
r-oldrel-macos-arm64 0.1-13 75.00 OK
r-oldrel-macos-x86_64 0.1-13 100.00 OK
r-oldrel-windows-x86_64 0.1-13 119.00 139.00 258.00 OK

Check Details

Version: 0.1-13
Check: C++ specification
Result: NOTE
     Specified C++11: please drop specification unless essential
Flavors: r-devel-linux-x86_64-debian-clang, r-devel-linux-x86_64-debian-gcc, r-devel-linux-x86_64-fedora-clang, r-devel-linux-x86_64-fedora-gcc, r-devel-windows-x86_64, r-patched-linux-x86_64, r-release-linux-x86_64, r-release-macos-arm64, r-release-macos-x86_64, r-release-windows-x86_64