CRAN Package Check Results for Package rscimark

Last updated on 2022-11-27 05:51:42 CET.

Flavor Version Tinstall Tcheck Ttotal Status Flags
r-devel-linux-x86_64-debian-clang 1.0 4.36 29.14 33.50 WARN
r-devel-linux-x86_64-debian-gcc 1.0 3.48 24.42 27.90 WARN
r-devel-linux-x86_64-fedora-clang 1.0 51.22 WARN
r-devel-linux-x86_64-fedora-gcc 1.0 48.27 WARN
r-devel-windows-x86_64 1.0 19.00 59.00 78.00 NOTE
r-patched-linux-x86_64 1.0 3.57 27.38 30.95 NOTE
r-release-linux-x86_64 1.0 3.75 27.51 31.26 NOTE
r-release-macos-arm64 1.0 22.00 NOTE
r-release-macos-x86_64 1.0 27.00 NOTE
r-release-windows-x86_64 1.0 20.00 57.00 77.00 NOTE
r-oldrel-macos-arm64 1.0 25.00 NOTE
r-oldrel-macos-x86_64 1.0 35.00 NOTE
r-oldrel-windows-ix86+x86_64 1.0 15.00 64.00 79.00 NOTE

Check Details

Version: 1.0
Check: whether package can be installed
Result: WARN
    Found the following significant warnings:
     ./Stopwatch.h:13:15: warning: a function declaration without a prototype is deprecated in all versions of C [-Wstrict-prototypes]
     Stopwatch.c:4:15: warning: a function declaration without a prototype is deprecated in all versions of C [-Wstrict-prototypes]
Flavors: r-devel-linux-x86_64-debian-clang, r-devel-linux-x86_64-fedora-clang

Version: 1.0
Check: LazyData
Result: NOTE
     'LazyData' is specified without a 'data' directory
Flavors: r-devel-linux-x86_64-debian-clang, r-devel-linux-x86_64-debian-gcc, r-devel-linux-x86_64-fedora-clang, r-devel-linux-x86_64-fedora-gcc, r-devel-windows-x86_64, r-patched-linux-x86_64, r-release-linux-x86_64, r-release-macos-arm64, r-release-macos-x86_64, r-release-windows-x86_64, r-oldrel-macos-arm64, r-oldrel-macos-x86_64, r-oldrel-windows-ix86+x86_64

Version: 1.0
Check: whether package can be installed
Result: WARN
    Found the following significant warnings:
     Stopwatch.h:13:1: warning: function declaration isn’t a prototype [-Wstrict-prototypes]
     Stopwatch.c:4:8: warning: function declaration isn’t a prototype [-Wstrict-prototypes]
Flavors: r-devel-linux-x86_64-debian-gcc, r-devel-linux-x86_64-fedora-gcc

Version: 1.0
Check: compiled code
Result: NOTE
    File ‘rscimark/libs/rscimark.so’:
     Found no calls to: ‘R_registerRoutines’, ‘R_useDynamicSymbols’
    
    It is good practice to register native routines and to disable symbol
    search.
    
    See ‘Writing portable packages’ in the ‘Writing R Extensions’ manual.
Flavors: r-devel-linux-x86_64-fedora-clang, r-devel-linux-x86_64-fedora-gcc