CRAN Package Check Results for Package rslp

Last updated on 2024-06-25 07:06:33 CEST.

Flavor Version Tinstall Tcheck Ttotal Status Flags
r-devel-linux-x86_64-debian-clang 0.2.0 2.28 32.17 34.45 NOTE
r-devel-linux-x86_64-debian-gcc 0.2.0 1.39 23.79 25.18 NOTE
r-devel-linux-x86_64-fedora-clang 0.2.0 42.39 NOTE
r-devel-linux-x86_64-fedora-gcc 0.2.0 41.17 NOTE
r-devel-windows-x86_64 0.2.0 3.00 46.00 49.00 NOTE
r-patched-linux-x86_64 0.2.0 2.20 30.50 32.70 NOTE
r-release-linux-x86_64 0.2.0 1.80 30.62 32.42 NOTE
r-release-macos-arm64 0.2.0 18.00 NOTE
r-release-macos-x86_64 0.2.0 24.00 NOTE
r-release-windows-x86_64 0.2.0 3.00 47.00 50.00 NOTE
r-oldrel-macos-arm64 0.2.0 19.00 NOTE
r-oldrel-macos-x86_64 0.2.0 23.00 NOTE
r-oldrel-windows-x86_64 0.2.0 3.00 50.00 53.00 NOTE

Check Details

Version: 0.2.0
Check: LazyData
Result: NOTE 'LazyData' is specified without a 'data' directory Flavors: r-devel-linux-x86_64-debian-clang, r-devel-linux-x86_64-debian-gcc, r-devel-linux-x86_64-fedora-clang, r-devel-linux-x86_64-fedora-gcc, r-devel-windows-x86_64, r-patched-linux-x86_64, r-release-linux-x86_64, r-release-macos-arm64, r-release-macos-x86_64, r-release-windows-x86_64, r-oldrel-macos-arm64, r-oldrel-macos-x86_64, r-oldrel-windows-x86_64