CRAN Package Check Results for Package rsolr

Last updated on 2021-09-27 05:51:36 CEST.

Flavor Version Tinstall Tcheck Ttotal Status Flags
r-devel-linux-x86_64-debian-clang 0.0.11 32.17 128.79 160.96 OK --no-tests --no-vignettes
r-devel-linux-x86_64-debian-gcc 0.0.11 28.84 94.71 123.55 OK --no-tests --no-vignettes
r-devel-windows-x86_64 0.0.11 40.00 246.00 286.00 OK
r-devel-windows-x86_64-gcc10-UCRT 0.0.11 ERROR --no-vignettes
r-patched-linux-x86_64 0.0.11 37.18 120.93 158.11 OK --no-tests --no-vignettes
r-release-linux-x86_64 0.0.11 32.21 121.04 153.25 OK --no-tests --no-vignettes
r-release-macos-arm64 0.0.11 OK
r-release-macos-x86_64 0.0.11 OK
r-release-windows-ix86+x86_64 0.0.11 67.00 246.00 313.00 OK
r-oldrel-macos-x86_64 0.0.11 OK
r-oldrel-windows-ix86+x86_64 0.0.11 48.00 237.00 285.00 OK

Check Details

Version: 0.0.11
Flags: --no-vignettes
Check: tests
Result: ERROR
     Running 'rsolr_unit_tests.R'
Flavor: r-devel-windows-x86_64-gcc10-UCRT