CRAN Package Check Results for Package rstantools

Last updated on 2020-12-05 05:48:25 CET.

Flavor Version Tinstall Tcheck Ttotal Status Flags
r-devel-linux-x86_64-debian-clang 2.1.1 2.94 40.44 43.38 OK
r-devel-linux-x86_64-debian-gcc 2.1.1 2.82 33.44 36.26 OK
r-devel-linux-x86_64-fedora-clang 2.1.1 58.78 NOTE
r-devel-linux-x86_64-fedora-gcc 2.1.1 52.17 NOTE
r-devel-windows-ix86+x86_64 2.1.1 6.00 65.00 71.00 OK
r-patched-linux-x86_64 2.1.1 2.79 38.39 41.18 OK
r-patched-solaris-x86 2.1.1 71.50 NOTE
r-release-linux-x86_64 2.1.1 3.33 41.48 44.81 OK
r-release-macos-x86_64 2.1.1 NOTE
r-release-windows-ix86+x86_64 2.1.1 6.00 45.00 51.00 OK
r-oldrel-macos-x86_64 2.1.1 NOTE
r-oldrel-windows-ix86+x86_64 2.1.1 5.00 44.00 49.00 OK

Check Details

Version: 2.1.1
Check: dependencies in R code
Result: NOTE
    Namespace in Imports field not imported from: ‘RcppParallel’
     All declared Imports should be used.
Flavors: r-devel-linux-x86_64-fedora-clang, r-devel-linux-x86_64-fedora-gcc, r-patched-solaris-x86, r-release-macos-x86_64, r-oldrel-macos-x86_64