CRAN Package Check Results for Package rstap

Last updated on 2019-08-18 05:46:24 CEST.

Flavor Version Tinstall Tcheck Ttotal Status Flags
r-devel-linux-x86_64-debian-clang 1.0.3 558.76 228.97 787.73 NOTE
r-devel-linux-x86_64-debian-gcc 1.0.3 622.83 159.51 782.34 NOTE
r-devel-linux-x86_64-fedora-gcc WARN
r-devel-windows-ix86+x86_64 1.0.3 259.00 8.00 267.00 ERROR
r-patched-linux-x86_64 1.0.3 614.80 215.13 829.93 NOTE
r-patched-solaris-x86 1.0.3 996.60 NOTE
r-release-linux-x86_64 1.0.3 612.81 196.63 809.44 NOTE
r-release-windows-ix86+x86_64 1.0.3 4.00 6.00 10.00 ERROR
r-release-osx-x86_64 1.0.3 FAIL
r-oldrel-windows-ix86+x86_64 1.0.3 191.00 5.00 196.00 ERROR
r-oldrel-osx-x86_64 1.0.3 NOTE

Check Details

Version: 1.0.3
Check: for GNU extensions in Makefiles
Result: NOTE
    GNU make is a SystemRequirements.
Flavors: r-devel-linux-x86_64-debian-clang, r-devel-linux-x86_64-debian-gcc, r-devel-linux-x86_64-fedora-gcc, r-patched-linux-x86_64, r-patched-solaris-x86, r-release-linux-x86_64, r-oldrel-osx-x86_64

Version: 1.0.3
Check: whether package can be installed
Result: WARN
    Found the following significant warnings:
     /data/gannet/ripley/R/test-3.7/BH/include/boost/get_pointer.hpp:48:40: warning: ‘template<class> class std::auto_ptr’ is deprecated [-Wdeprecated-declarations]
Flavor: r-devel-linux-x86_64-fedora-gcc

Version: 1.0.3
Check: dependencies in R code
Result: NOTE
    Namespace in Imports field not imported from: ‘loo’
     All declared Imports should be used.
Flavors: r-devel-linux-x86_64-fedora-gcc, r-patched-solaris-x86, r-release-osx-x86_64, r-oldrel-osx-x86_64

Version: 1.0.3
Check: whether package can be installed
Result: ERROR
    Installation failed.
Flavors: r-devel-windows-ix86+x86_64, r-release-windows-ix86+x86_64, r-oldrel-windows-ix86+x86_64

Version: 1.0.3
Check: installed package size
Result: NOTE
     installed size is 7.2Mb
     sub-directories of 1Mb or more:
     libs 5.6Mb
Flavors: r-patched-solaris-x86, r-release-osx-x86_64, r-oldrel-osx-x86_64

Version: 1.0.3
Check: Rd \usage sections
Result: FAIL
    
Flavor: r-release-osx-x86_64