Last updated on 2019-12-09 05:47:27 CET.
Flavor | Version | Tinstall | Tcheck | Ttotal | Status | Flags |
---|---|---|---|---|---|---|
r-devel-linux-x86_64-debian-clang | 1.0.3 | 593.95 | 213.59 | 807.54 | NOTE | |
r-devel-linux-x86_64-debian-gcc | 1.0.3 | 599.63 | 186.23 | 785.86 | NOTE | |
r-devel-linux-x86_64-fedora-clang | 1.0.3 | 1040.01 | NOTE | |||
r-devel-linux-x86_64-fedora-gcc | 1.0.3 | 1010.14 | NOTE | |||
r-devel-windows-ix86+x86_64 | 1.0.3 | 177.00 | 8.00 | 185.00 | ERROR | |
r-devel-windows-ix86+x86_64-gcc8 | 1.0.3 | 5.00 | 7.00 | 12.00 | ERROR | |
r-patched-linux-x86_64 | 1.0.3 | 608.29 | 191.55 | 799.84 | NOTE | |
r-patched-solaris-x86 | 1.0.3 | 1018.40 | NOTE | |||
r-release-linux-x86_64 | 1.0.3 | 603.00 | 210.11 | 813.11 | NOTE | |
r-release-windows-ix86+x86_64 | 1.0.3 | 203.00 | 5.00 | 208.00 | ERROR | |
r-release-osx-x86_64 | 1.0.3 | FAIL | ||||
r-oldrel-windows-ix86+x86_64 | 1.0.3 | 174.00 | 5.00 | 179.00 | ERROR | |
r-oldrel-osx-x86_64 | 1.0.3 | NOTE |
Version: 1.0.3
Check: for GNU extensions in Makefiles
Result: NOTE
GNU make is a SystemRequirements.
Flavors: r-devel-linux-x86_64-debian-clang, r-devel-linux-x86_64-debian-gcc, r-devel-linux-x86_64-fedora-clang, r-devel-linux-x86_64-fedora-gcc, r-patched-linux-x86_64, r-patched-solaris-x86, r-release-linux-x86_64, r-oldrel-osx-x86_64
Version: 1.0.3
Check: installed package size
Result: NOTE
installed size is 92.1Mb
sub-directories of 1Mb or more:
libs 90.8Mb
Flavors: r-devel-linux-x86_64-fedora-clang, r-patched-solaris-x86, r-release-osx-x86_64, r-oldrel-osx-x86_64
Version: 1.0.3
Check: dependencies in R code
Result: NOTE
Namespace in Imports field not imported from: ‘loo’
All declared Imports should be used.
Flavors: r-devel-linux-x86_64-fedora-clang, r-devel-linux-x86_64-fedora-gcc, r-patched-solaris-x86, r-release-osx-x86_64, r-oldrel-osx-x86_64
Version: 1.0.3
Check: whether package can be installed
Result: ERROR
Installation failed.
Flavors: r-devel-windows-ix86+x86_64, r-devel-windows-ix86+x86_64-gcc8, r-release-windows-ix86+x86_64, r-oldrel-windows-ix86+x86_64
Version: 1.0.3
Check: Rd \usage sections
Result: FAIL
Flavor: r-release-osx-x86_64