CRAN Package Check Results for Package rtf

Last updated on 2019-08-25 05:46:58 CEST.

Flavor Version Tinstall Tcheck Ttotal Status Flags
r-devel-linux-x86_64-debian-clang 0.4-14 2.92 39.76 42.68 NOTE
r-devel-linux-x86_64-debian-gcc 0.4-14 2.51 31.73 34.24 NOTE
r-devel-linux-x86_64-fedora-clang 0.4-14 53.77 NOTE
r-devel-linux-x86_64-fedora-gcc 0.4-14 51.92 NOTE
r-devel-windows-ix86+x86_64 0.4-14 8.00 77.00 85.00 OK
r-patched-linux-x86_64 0.4-14 2.78 39.13 41.91 OK
r-patched-solaris-x86 0.4-14 79.80 OK
r-release-linux-x86_64 0.4-14 2.89 39.86 42.75 OK
r-release-windows-ix86+x86_64 0.4-14 11.00 85.00 96.00 OK
r-release-osx-x86_64 0.4-14 OK
r-oldrel-windows-ix86+x86_64 0.4-14 9.00 72.00 81.00 OK
r-oldrel-osx-x86_64 0.4-14 OK

Check Details

Version: 0.4-14
Check: for non-standard things in the check directory
Result: NOTE
    Found the following files/directories:
     'test_addPageBreak.doc' 'test_addPlot.doc' 'test_addSessionInfo.doc'
     'test_addTable.doc'
Flavors: r-devel-linux-x86_64-debian-clang, r-devel-linux-x86_64-debian-gcc, r-devel-linux-x86_64-fedora-clang, r-devel-linux-x86_64-fedora-gcc