CRAN Package Check Results for Package rtrek

Last updated on 2020-05-30 05:48:16 CEST.

Flavor Version Tinstall Tcheck Ttotal Status Flags
r-devel-linux-x86_64-debian-clang 0.3.0 5.67 37.82 43.49 OK
r-devel-linux-x86_64-debian-gcc 0.3.0 4.26 29.13 33.39 OK
r-devel-linux-x86_64-fedora-clang 0.3.0 61.31 NOTE
r-devel-linux-x86_64-fedora-gcc 0.3.0 57.58 NOTE
r-devel-windows-ix86+x86_64 0.3.0 17.00 76.00 93.00 OK
r-patched-linux-x86_64 0.3.0 5.02 37.00 42.02 OK
r-patched-solaris-x86 0.3.0 78.40 NOTE
r-release-linux-x86_64 0.3.0 5.96 37.61 43.57 OK
r-release-osx-x86_64 0.3.0 NOTE
r-release-windows-ix86+x86_64 0.3.0 15.00 54.00 69.00 OK
r-oldrel-osx-x86_64 0.3.0 NOTE
r-oldrel-windows-ix86+x86_64 0.3.0 10.00 51.00 61.00 OK

Check Details

Version: 0.3.0
Check: dependencies in R code
Result: NOTE
    Namespaces in Imports field not imported from:
     ‘memoise’ ‘tidyr’
     All declared Imports should be used.
Flavors: r-devel-linux-x86_64-fedora-clang, r-devel-linux-x86_64-fedora-gcc, r-patched-solaris-x86, r-release-osx-x86_64, r-oldrel-osx-x86_64

Version: 0.3.0
Check: data for non-ASCII characters
Result: NOTE
     Note: found 37 marked UTF-8 strings
Flavors: r-devel-linux-x86_64-fedora-clang, r-devel-linux-x86_64-fedora-gcc, r-patched-solaris-x86, r-release-osx-x86_64, r-oldrel-osx-x86_64