CRAN Package Check Results for Package rugarch

Last updated on 2022-01-25 05:54:55 CET.

Flavor Version Tinstall Tcheck Ttotal Status Flags
r-devel-linux-x86_64-debian-clang 1.4-6 97.88 346.45 444.33 OK
r-devel-linux-x86_64-debian-gcc 1.4-6 82.27 258.03 340.30 OK
r-devel-linux-x86_64-fedora-clang 1.4-6 554.34 NOTE
r-devel-linux-x86_64-fedora-gcc 1.4-6 541.15 OK
r-devel-windows-x86_64-new-UL 1.4-6 390.00 369.00 759.00 NOTE
r-devel-windows-x86_64-new-TK 1.4-6 OK
r-patched-linux-x86_64 1.4-6 96.51 335.99 432.50 OK
r-release-linux-x86_64 1.4-6 99.88 337.51 437.39 OK
r-release-macos-arm64 1.4-4 NOTE
r-release-macos-x86_64 1.4-6 NOTE
r-release-windows-ix86+x86_64 1.4-6 182.00 387.00 569.00 NOTE
r-oldrel-macos-x86_64 1.4-4 NOTE
r-oldrel-windows-ix86+x86_64 1.4-6 182.00 370.00 552.00 NOTE

Check Details

Version: 1.4-6
Check: installed package size
Result: NOTE
     installed size is 7.4Mb
     sub-directories of 1Mb or more:
     R 3.0Mb
     libs 2.1Mb
Flavors: r-devel-linux-x86_64-fedora-clang, r-devel-windows-x86_64-new-UL, r-release-macos-x86_64, r-release-windows-ix86+x86_64, r-oldrel-windows-ix86+x86_64

Version: 1.4-4
Check: installed package size
Result: NOTE
     installed size is 8.5Mb
     sub-directories of 1Mb or more:
     R 3.0Mb
     libs 3.1Mb
Flavors: r-release-macos-arm64, r-oldrel-macos-x86_64