CRAN Package Check Results for Package rvest

Last updated on 2021-03-01 05:48:03 CET.

Flavor Version Tinstall Tcheck Ttotal Status Flags
r-devel-linux-x86_64-debian-clang 0.3.6 OK
r-devel-linux-x86_64-debian-gcc 0.3.6 2.63 28.20 30.83 OK
r-devel-linux-x86_64-fedora-clang 0.3.6 55.28 OK
r-devel-linux-x86_64-fedora-gcc 0.3.6 46.23 OK
r-devel-windows-ix86+x86_64 0.3.6 5.00 48.00 53.00 OK
r-patched-linux-x86_64 0.3.6 3.29 34.77 38.06 OK
r-patched-solaris-x86 0.3.6 68.80 OK
r-release-linux-x86_64 0.3.6 3.39 33.64 37.03 ERROR
r-release-macos-x86_64 0.3.6 OK
r-release-windows-ix86+x86_64 0.3.6 7.00 65.00 72.00 OK
r-oldrel-macos-x86_64 0.3.6 OK
r-oldrel-windows-ix86+x86_64 0.3.6 3.00 64.00 67.00 OK

Check Details

Version: 0.3.6
Check: examples
Result: ERROR
    Running examples in ‘rvest-Ex.R’ failed
    The error most likely occurred in:
    
    > base::assign(".ptime", proc.time(), pos = "CheckExEnv")
    > ### Name: html_nodes
    > ### Title: Select nodes from an HTML document
    > ### Aliases: html_nodes html_node
    >
    > ### ** Examples
    >
    > # CSS selectors ----------------------------------------------
    > url <- paste0(
    + "https://web.archive.org/web/20190202054736/",
    + "https://www.boxofficemojo.com/movies/?id=ateam.htm"
    + )
    > ateam <- read_html(url)
    Error in open.connection(x, "rb") : HTTP error 503.
    Calls: read_html -> read_html.default
    Execution halted
Flavor: r-release-linux-x86_64