CRAN Package Check Results for Package rvg

Last updated on 2019-10-17 05:47:16 CEST.

Flavor Version Tinstall Tcheck Ttotal Status Flags
r-devel-linux-x86_64-debian-clang 0.2.1 116.09 49.94 166.03 OK
r-devel-linux-x86_64-debian-gcc 0.2.1 75.58 41.00 116.58 OK
r-devel-linux-x86_64-fedora-clang 0.2.1 246.50 OK
r-devel-linux-x86_64-fedora-gcc 0.2.1 208.60 OK
r-devel-windows-ix86+x86_64 0.2.1 249.00 114.00 363.00 ERROR
r-patched-linux-x86_64 0.2.1 85.65 48.48 134.13 OK
r-patched-solaris-x86 0.2.1 204.30 OK
r-release-linux-x86_64 0.2.1 84.35 48.89 133.24 OK
r-release-windows-ix86+x86_64 0.2.1 160.00 100.00 260.00 OK
r-release-osx-x86_64 0.2.1 OK
r-oldrel-windows-ix86+x86_64 0.2.1 165.00 75.00 240.00 OK
r-oldrel-osx-x86_64 0.2.1 OK

Check Details

Version: 0.2.1
Check: running tests for arch ‘i386’
Result: ERROR
     Running 'testthat.R' [6s]
    Running the tests in 'tests/testthat.R' failed.
    Complete output:
     > library(testthat)
     > library(rvg)
     >
     > test_check("rvg")
     -- 1. Failure: font sets weight/style (@test-docx-text.R#201) -----------------
     xml_attr(nodes, "ascii") not equal to c("Times New Roman", "Arial", "Courier New").
     1/3 mismatches
     x[3]: "Arial"
     y[3]: "Courier New"
    
     -- 2. Failure: font sets weight/style (@test-docx-text.R#202) -----------------
     xml_attr(nodes, "hAnsi") not equal to c("Times New Roman", "Arial", "Courier New").
     1/3 mismatches
     x[3]: "Arial"
     y[3]: "Courier New"
    
     -- 3. Failure: font sets weight/style (@test-docx-text.R#203) -----------------
     xml_attr(nodes, "cs") not equal to c("Times New Roman", "Arial", "Courier New").
     1/3 mismatches
     x[3]: "Arial"
     y[3]: "Courier New"
    
     -- 4. Failure: font sets weight/style (@test-pptx-text.R#128) -----------------
     xml_attr(rPr_latin, "typeface") not equal to c("Times New Roman", "Arial", "Courier New").
     1/3 mismatches
     x[3]: "Arial"
     y[3]: "Courier New"
    
     -- 5. Failure: font sets weight/style (@test-pptx-text.R#129) -----------------
     xml_attr(rPr_cs, "typeface") not equal to c("Times New Roman", "Arial", "Courier New").
     1/3 mismatches
     x[3]: "Arial"
     y[3]: "Courier New"
    
     -- 6. Failure: font sets weight/style (@test-xlsx-text.R#128) -----------------
     xml_attr(rPr_latin, "typeface") not equal to c("Times New Roman", "Arial", "Courier New").
     1/3 mismatches
     x[3]: "Arial"
     y[3]: "Courier New"
    
     -- 7. Failure: font sets weight/style (@test-xlsx-text.R#129) -----------------
     xml_attr(rPr_cs, "typeface") not equal to c("Times New Roman", "Arial", "Courier New").
     1/3 mismatches
     x[3]: "Arial"
     y[3]: "Courier New"
    
     == testthat results ===========================================================
     [ OK: 179 | SKIPPED: 3 | WARNINGS: 45 | FAILED: 7 ]
     1. Failure: font sets weight/style (@test-docx-text.R#201)
     2. Failure: font sets weight/style (@test-docx-text.R#202)
     3. Failure: font sets weight/style (@test-docx-text.R#203)
     4. Failure: font sets weight/style (@test-pptx-text.R#128)
     5. Failure: font sets weight/style (@test-pptx-text.R#129)
     6. Failure: font sets weight/style (@test-xlsx-text.R#128)
     7. Failure: font sets weight/style (@test-xlsx-text.R#129)
    
     Error: testthat unit tests failed
     Execution halted
Flavor: r-devel-windows-ix86+x86_64

Version: 0.2.1
Check: running tests for arch ‘x64’
Result: ERROR
     Running 'testthat.R' [6s]
    Running the tests in 'tests/testthat.R' failed.
    Complete output:
     > library(testthat)
     > library(rvg)
     >
     > test_check("rvg")
     -- 1. Failure: font sets weight/style (@test-docx-text.R#201) -----------------
     xml_attr(nodes, "ascii") not equal to c("Times New Roman", "Arial", "Courier New").
     1/3 mismatches
     x[3]: "Arial"
     y[3]: "Courier New"
    
     -- 2. Failure: font sets weight/style (@test-docx-text.R#202) -----------------
     xml_attr(nodes, "hAnsi") not equal to c("Times New Roman", "Arial", "Courier New").
     1/3 mismatches
     x[3]: "Arial"
     y[3]: "Courier New"
    
     -- 3. Failure: font sets weight/style (@test-docx-text.R#203) -----------------
     xml_attr(nodes, "cs") not equal to c("Times New Roman", "Arial", "Courier New").
     1/3 mismatches
     x[3]: "Arial"
     y[3]: "Courier New"
    
     -- 4. Failure: font sets weight/style (@test-pptx-text.R#128) -----------------
     xml_attr(rPr_latin, "typeface") not equal to c("Times New Roman", "Arial", "Courier New").
     1/3 mismatches
     x[3]: "Arial"
     y[3]: "Courier New"
    
     -- 5. Failure: font sets weight/style (@test-pptx-text.R#129) -----------------
     xml_attr(rPr_cs, "typeface") not equal to c("Times New Roman", "Arial", "Courier New").
     1/3 mismatches
     x[3]: "Arial"
     y[3]: "Courier New"
    
     -- 6. Failure: font sets weight/style (@test-xlsx-text.R#128) -----------------
     xml_attr(rPr_latin, "typeface") not equal to c("Times New Roman", "Arial", "Courier New").
     1/3 mismatches
     x[3]: "Arial"
     y[3]: "Courier New"
    
     -- 7. Failure: font sets weight/style (@test-xlsx-text.R#129) -----------------
     xml_attr(rPr_cs, "typeface") not equal to c("Times New Roman", "Arial", "Courier New").
     1/3 mismatches
     x[3]: "Arial"
     y[3]: "Courier New"
    
     == testthat results ===========================================================
     [ OK: 179 | SKIPPED: 3 | WARNINGS: 45 | FAILED: 7 ]
     1. Failure: font sets weight/style (@test-docx-text.R#201)
     2. Failure: font sets weight/style (@test-docx-text.R#202)
     3. Failure: font sets weight/style (@test-docx-text.R#203)
     4. Failure: font sets weight/style (@test-pptx-text.R#128)
     5. Failure: font sets weight/style (@test-pptx-text.R#129)
     6. Failure: font sets weight/style (@test-xlsx-text.R#128)
     7. Failure: font sets weight/style (@test-xlsx-text.R#129)
    
     Error: testthat unit tests failed
     Execution halted
Flavor: r-devel-windows-ix86+x86_64