CRAN Package Check Results for Package rvg

Last updated on 2020-06-04 05:49:14 CEST.

Flavor Version Tinstall Tcheck Ttotal Status Flags
r-devel-linux-x86_64-debian-clang 0.2.4 122.61 41.79 164.40 OK
r-devel-linux-x86_64-debian-gcc 0.2.4 87.33 33.69 121.02 OK
r-devel-linux-x86_64-fedora-clang 0.2.4 245.14 NOTE
r-devel-linux-x86_64-fedora-gcc 0.2.4 200.43 OK
r-devel-windows-ix86+x86_64 0.2.4 300.00 113.00 413.00 OK
r-patched-linux-x86_64 0.2.4 86.63 42.07 128.70 OK
r-patched-solaris-x86 0.2.4 222.80 OK
r-release-linux-x86_64 0.2.4 88.96 41.97 130.93 OK
r-release-osx-x86_64 0.2.4 OK
r-release-windows-ix86+x86_64 0.2.4 222.00 100.00 322.00 OK
r-oldrel-osx-x86_64 0.2.4 OK
r-oldrel-windows-ix86+x86_64 0.2.4 291.00 77.00 368.00 OK

Check Details

Version: 0.2.4
Check: installed package size
Result: NOTE
     installed size is 5.1Mb
     sub-directories of 1Mb or more:
     libs 4.9Mb
Flavor: r-devel-linux-x86_64-fedora-clang