CRAN Package Check Results for Package ryandexdirect

Last updated on 2020-07-15 05:48:21 CEST.

Flavor Version Tinstall Tcheck Ttotal Status Flags
r-devel-linux-x86_64-debian-clang 3.6.0 8.07 64.81 72.88 OK
r-devel-linux-x86_64-debian-gcc 3.6.0 7.19 49.46 56.65 OK
r-devel-linux-x86_64-fedora-clang 3.6.0 97.01 NOTE
r-devel-linux-x86_64-fedora-gcc 3.6.0 91.07 OK
r-devel-windows-ix86+x86_64 3.6.0 22.00 83.00 105.00 OK
r-patched-linux-x86_64 3.6.0 8.37 62.57 70.94 OK
r-patched-solaris-x86 3.6.0 123.60 NOTE
r-release-linux-x86_64 3.6.0 7.95 63.91 71.86 OK
r-release-macos-x86_64 3.6.0 ERROR
r-release-windows-ix86+x86_64 3.6.0 27.00 78.00 105.00 OK
r-oldrel-macos-x86_64 3.6.0 OK
r-oldrel-windows-ix86+x86_64 3.6.0 24.00 111.00 135.00 OK

Check Details

Version: 3.6.0
Check: Rd cross-references
Result: NOTE
    Undeclared package ‘rym’ in Rd xrefs
Flavor: r-devel-linux-x86_64-fedora-clang

Version: 3.6.0
Check: installed package size
Result: NOTE
     installed size is 5.0Mb
     sub-directories of 1Mb or more:
     doc 4.5Mb
Flavor: r-patched-solaris-x86

Version: 3.6.0
Check: whether package can be installed
Result: ERROR
    Installation failed.
Flavor: r-release-macos-x86_64