CRAN Package Check Results for Package ryandexdirect

Last updated on 2021-06-18 05:49:00 CEST.

Flavor Version Tinstall Tcheck Ttotal Status Flags
r-devel-linux-x86_64-debian-clang 3.6.0 9.08 72.52 81.60 OK
r-devel-linux-x86_64-debian-gcc 3.6.0 7.22 53.33 60.55 OK
r-devel-linux-x86_64-fedora-clang 3.6.0 102.58 NOTE
r-devel-linux-x86_64-fedora-gcc 3.6.0 92.91 OK
r-devel-windows-x86_64 3.6.0 14.00 92.00 106.00 OK
r-devel-windows-x86_64-gcc10-UCRT 3.6.0 OK
r-patched-linux-x86_64 3.6.0 8.95 68.54 77.49 OK
r-patched-solaris-x86 3.6.0 123.90 NOTE
r-release-linux-x86_64 3.6.0 6.93 67.07 74.00 OK
r-release-macos-arm64 3.6.0 OK
r-release-macos-x86_64 3.6.0 OK
r-release-windows-ix86+x86_64 3.6.0 18.00 98.00 116.00 OK
r-oldrel-macos-x86_64 3.6.0 OK
r-oldrel-windows-ix86+x86_64 3.6.0 13.00 98.00 111.00 OK

Check Details

Version: 3.6.0
Check: Rd cross-references
Result: NOTE
    Undeclared package ‘rym’ in Rd xrefs
Flavor: r-devel-linux-x86_64-fedora-clang

Version: 3.6.0
Check: installed package size
Result: NOTE
     installed size is 5.0Mb
     sub-directories of 1Mb or more:
     doc 4.5Mb
Flavor: r-patched-solaris-x86