CRAN Package Check Results for Package sRdpData

Last updated on 2024-06-13 06:58:19 CEST.

Flavor Version Tinstall Tcheck Ttotal Status Flags
r-devel-linux-x86_64-debian-clang 0.1.0 2.94 33.08 36.02 OK
r-devel-linux-x86_64-debian-gcc 0.1.0 0.34 1.55 1.89 ERROR
r-devel-linux-x86_64-fedora-clang 0.1.0 44.80 NOTE
r-devel-linux-x86_64-fedora-gcc 0.1.0 42.44 NOTE
r-devel-windows-x86_64 0.1.0 4.00 45.00 49.00 OK
r-patched-linux-x86_64 0.1.0 3.02 31.48 34.50 OK
r-release-linux-x86_64 0.1.0 3.35 30.84 34.19 OK
r-release-macos-arm64 0.1.0 18.00 OK
r-release-macos-x86_64 0.1.0 26.00 OK
r-release-windows-x86_64 0.1.0 4.00 49.00 53.00 OK
r-oldrel-macos-arm64 0.1.0 19.00 OK
r-oldrel-macos-x86_64 0.1.0 26.00 OK
r-oldrel-windows-x86_64 0.1.0 6.00 50.00 56.00 OK

Check Details

Version: 0.1.0
Check: package dependencies
Result: ERROR Packages required but not available: 'tibble', 'dplyr' Package suggested but not available for checking: ‘testthat’ See section ‘The DESCRIPTION file’ in the ‘Writing R Extensions’ manual. Flavor: r-devel-linux-x86_64-debian-gcc

Version: 0.1.0
Check: data for non-ASCII characters
Result: NOTE Note: found 35 marked UTF-8 strings Flavors: r-devel-linux-x86_64-fedora-clang, r-devel-linux-x86_64-fedora-gcc