CRAN Package Check Results for Package sRdpData

Last updated on 2022-08-08 05:50:39 CEST.

Flavor Version Tinstall Tcheck Ttotal Status Flags
r-devel-linux-x86_64-debian-clang 0.1.0 3.19 33.33 36.52 OK
r-devel-linux-x86_64-debian-gcc 0.1.0 2.51 25.59 28.10 OK
r-devel-linux-x86_64-fedora-clang 0.1.0 53.78 NOTE
r-devel-linux-x86_64-fedora-gcc 0.1.0 53.45 NOTE
r-devel-windows-x86_64 0.1.0 12.00 58.00 70.00 OK
r-patched-linux-x86_64 0.1.0 3.30 31.28 34.58 OK
r-release-linux-x86_64 0.1.0 OK
r-release-macos-arm64 0.1.0 21.00 NOTE
r-release-macos-x86_64 0.1.0 34.00 NOTE
r-release-windows-x86_64 0.1.0 9.00 59.00 68.00 OK
r-oldrel-macos-arm64 0.1.0 17.00 NOTE
r-oldrel-macos-x86_64 0.1.0 26.00 NOTE
r-oldrel-windows-ix86+x86_64 0.1.0 8.00 48.00 56.00 OK

Check Details

Version: 0.1.0
Check: data for non-ASCII characters
Result: NOTE
     Note: found 35 marked UTF-8 strings
Flavors: r-devel-linux-x86_64-fedora-clang, r-devel-linux-x86_64-fedora-gcc, r-release-macos-arm64, r-release-macos-x86_64, r-oldrel-macos-arm64, r-oldrel-macos-x86_64