CRAN Package Check Results for Package sageR

Last updated on 2022-01-25 05:54:55 CET.

Flavor Version Tinstall Tcheck Ttotal Status Flags
r-devel-linux-x86_64-debian-clang 0.3.0 4.66 68.73 73.39 OK
r-devel-linux-x86_64-debian-gcc 0.3.0 4.52 53.05 57.57 OK
r-devel-linux-x86_64-fedora-clang 0.3.0 97.28 NOTE
r-devel-linux-x86_64-fedora-gcc 0.3.0 77.70 NOTE
r-devel-windows-x86_64-new-UL 0.3.0 41.00 99.00 140.00 OK
r-devel-windows-x86_64-new-TK 0.3.0 NOTE
r-patched-linux-x86_64 0.3.0 4.74 64.50 69.24 OK
r-release-linux-x86_64 0.3.0 3.99 62.68 66.67 OK
r-release-macos-arm64 0.3.0 NOTE
r-release-macos-x86_64 0.3.0 NOTE
r-release-windows-ix86+x86_64 0.3.0 14.00 81.00 95.00 OK
r-oldrel-macos-x86_64 0.3.0 NOTE
r-oldrel-windows-ix86+x86_64 0.3.0 14.00 83.00 97.00 OK

Check Details

Version: 0.3.0
Check: data for non-ASCII characters
Result: NOTE
     Note: found 91 marked UTF-8 strings
Flavors: r-devel-linux-x86_64-fedora-clang, r-devel-linux-x86_64-fedora-gcc, r-devel-windows-x86_64-new-TK, r-release-macos-arm64, r-release-macos-x86_64, r-oldrel-macos-x86_64

Version: 0.3.0
Check: package dependencies
Result: NOTE
    Package suggested but not available for checking: 'car'
Flavor: r-devel-windows-x86_64-new-TK