CRAN Package Check Results for Package sandwich

Last updated on 2024-07-23 07:07:27 CEST.

Flavor Version Tinstall Tcheck Ttotal Status Flags
r-devel-linux-x86_64-debian-clang 3.1-0 6.63 209.30 215.93 NOTE
r-devel-linux-x86_64-debian-gcc 3.1-0 4.37 158.80 163.17 NOTE
r-devel-linux-x86_64-fedora-clang 3.1-0 277.40 NOTE
r-devel-linux-x86_64-fedora-gcc 3.1-0 283.50 NOTE
r-devel-windows-x86_64 3.1-0 7.00 241.00 248.00 NOTE
r-patched-linux-x86_64 3.1-0 6.64 202.04 208.68 NOTE
r-release-linux-x86_64 3.1-0 5.94 203.30 209.24 NOTE
r-release-macos-arm64 3.1-0 107.00 NOTE
r-release-macos-x86_64 3.1-0 170.00 NOTE
r-release-windows-x86_64 3.1-0 7.00 235.00 242.00 NOTE
r-oldrel-macos-arm64 3.1-0 139.00 OK
r-oldrel-macos-x86_64 3.1-0 363.00 OK
r-oldrel-windows-x86_64 3.1-0 10.00 237.00 247.00 NOTE

Check Details

Version: 3.1-0
Check: running R code from vignettes
Result: NOTE ‘sandwich-CL.Rnw’... [16s/19s] NOTE differences from ‘sandwich-CL.Rout.save’ 82c82 < Classes and Methods for R originally developed in the --- > Classes and Methods for R developed in the 85,87c85,87 < Stanford University (2002-2015), < by and under the direction of Simon Jackman. < hurdle and zeroinfl functions by Achim Zeileis. --- > Stanford University > Simon Jackman > hurdle and zeroinfl functions by Achim Zeileis ‘sandwich-OOP.Rnw’... [3s/3s] OK ‘sandwich.Rnw’... [1s/2s] OK Flavor: r-devel-linux-x86_64-debian-clang

Version: 3.1-0
Check: running R code from vignettes
Result: NOTE ‘sandwich-CL.Rnw’... [10s/12s] NOTE differences from ‘sandwich-CL.Rout.save’ 82c82 < Classes and Methods for R originally developed in the --- > Classes and Methods for R developed in the 85,87c85,87 < Stanford University (2002-2015), < by and under the direction of Simon Jackman. < hurdle and zeroinfl functions by Achim Zeileis. --- > Stanford University > Simon Jackman > hurdle and zeroinfl functions by Achim Zeileis ‘sandwich-OOP.Rnw’... [2s/4s] OK ‘sandwich.Rnw’... [1s/1s] OK Flavor: r-devel-linux-x86_64-debian-gcc

Version: 3.1-0
Check: running R code from vignettes
Result: NOTE ‘sandwich-CL.Rnw’... [21s/58s] NOTE differences from ‘sandwich-CL.Rout.save’ 82c82 < Classes and Methods for R originally developed in the --- > Classes and Methods for R developed in the 85,87c85,87 < Stanford University (2002-2015), < by and under the direction of Simon Jackman. < hurdle and zeroinfl functions by Achim Zeileis. --- > Stanford University > Simon Jackman > hurdle and zeroinfl functions by Achim Zeileis ‘sandwich-OOP.Rnw’... [4s/11s] OK ‘sandwich.Rnw’... OK Flavor: r-devel-linux-x86_64-fedora-clang

Version: 3.1-0
Check: running R code from vignettes
Result: NOTE ‘sandwich-CL.Rnw’... [20s/23s] NOTE differences from ‘sandwich-CL.Rout.save’ 82c82 < Classes and Methods for R originally developed in the --- > Classes and Methods for R developed in the 85,87c85,87 < Stanford University (2002-2015), < by and under the direction of Simon Jackman. < hurdle and zeroinfl functions by Achim Zeileis. --- > Stanford University > Simon Jackman > hurdle and zeroinfl functions by Achim Zeileis ‘sandwich-OOP.Rnw’... OK ‘sandwich.Rnw’... OK Flavor: r-devel-linux-x86_64-fedora-gcc

Version: 3.1-0
Check: running R code from vignettes
Result: NOTE 'sandwich-CL.Rnw'... [12s] NOTE differences from 'sandwich-CL.Rout.save' 82c82 < Classes and Methods for R originally developed in the --- > Classes and Methods for R developed in the 85,87c85,87 < Stanford University (2002-2015), < by and under the direction of Simon Jackman. < hurdle and zeroinfl functions by Achim Zeileis. --- > Stanford University > Simon Jackman > hurdle and zeroinfl functions by Achim Zeileis 'sandwich-OOP.Rnw'... [2s] OK 'sandwich.Rnw'... [1s] OK Flavors: r-devel-windows-x86_64, r-release-windows-x86_64

Version: 3.1-0
Check: running R code from vignettes
Result: NOTE ‘sandwich-CL.Rnw’... [14s/17s] NOTE differences from ‘sandwich-CL.Rout.save’ 82c82 < Classes and Methods for R originally developed in the --- > Classes and Methods for R developed in the 85,87c85,87 < Stanford University (2002-2015), < by and under the direction of Simon Jackman. < hurdle and zeroinfl functions by Achim Zeileis. --- > Stanford University > Simon Jackman > hurdle and zeroinfl functions by Achim Zeileis ‘sandwich-OOP.Rnw’... [3s/3s] OK ‘sandwich.Rnw’... [1s/2s] OK Flavor: r-patched-linux-x86_64

Version: 3.1-0
Check: running R code from vignettes
Result: NOTE ‘sandwich-CL.Rnw’... [14s/16s] NOTE differences from ‘sandwich-CL.Rout.save’ 82c82 < Classes and Methods for R originally developed in the --- > Classes and Methods for R developed in the 85,87c85,87 < Stanford University (2002-2015), < by and under the direction of Simon Jackman. < hurdle and zeroinfl functions by Achim Zeileis. --- > Stanford University > Simon Jackman > hurdle and zeroinfl functions by Achim Zeileis ‘sandwich-OOP.Rnw’... [3s/4s] OK ‘sandwich.Rnw’... [1s/2s] OK Flavor: r-release-linux-x86_64

Version: 3.1-0
Check: running R code from vignettes
Result: NOTE ‘sandwich-CL.Rnw’... [5s/6s] NOTE differences from ‘sandwich-CL.Rout.save’ 82c82 < Classes and Methods for R originally developed in the --- > Classes and Methods for R developed in the 85,87c85,87 < Stanford University (2002-2015), < by and under the direction of Simon Jackman. < hurdle and zeroinfl functions by Achim Zeileis. --- > Stanford University > Simon Jackman > hurdle and zeroinfl functions by Achim Zeileis ‘sandwich-OOP.Rnw’... [1s/1s] OK ‘sandwich.Rnw’... [1s/1s] OK Flavor: r-release-macos-arm64

Version: 3.1-0
Check: running R code from vignettes
Result: NOTE ‘sandwich-CL.Rnw’... [10s/12s] NOTE differences from ‘sandwich-CL.Rout.save’ 82c82 < Classes and Methods for R originally developed in the --- > Classes and Methods for R developed in the 85,87c85,87 < Stanford University (2002-2015), < by and under the direction of Simon Jackman. < hurdle and zeroinfl functions by Achim Zeileis. --- > Stanford University > Simon Jackman > hurdle and zeroinfl functions by Achim Zeileis ‘sandwich-OOP.Rnw’... [2s/2s] OK ‘sandwich.Rnw’... [1s/1s] OK Flavor: r-release-macos-x86_64

Version: 3.1-0
Check: running R code from vignettes
Result: NOTE 'sandwich-CL.Rnw'... [13s] NOTE differences from 'sandwich-CL.Rout.save' 82c82 < Classes and Methods for R originally developed in the --- > Classes and Methods for R developed in the 85,87c85,87 < Stanford University (2002-2015), < by and under the direction of Simon Jackman. < hurdle and zeroinfl functions by Achim Zeileis. --- > Stanford University > Simon Jackman > hurdle and zeroinfl functions by Achim Zeileis 'sandwich-OOP.Rnw'... [2s] OK 'sandwich.Rnw'... [1s] OK Flavor: r-oldrel-windows-x86_64