CRAN Package Check Results for Package sanityTracker

Last updated on 2022-11-27 05:51:43 CET.

Flavor Version Tinstall Tcheck Ttotal Status Flags
r-devel-linux-x86_64-debian-clang 0.1.0 2.99 36.51 39.50 NOTE
r-devel-linux-x86_64-debian-gcc 0.1.0 1.99 27.72 29.71 NOTE
r-devel-linux-x86_64-fedora-clang 0.1.0 59.67 NOTE
r-devel-linux-x86_64-fedora-gcc 0.1.0 56.97 NOTE
r-devel-windows-x86_64 0.1.0 39.00 69.00 108.00 NOTE
r-patched-linux-x86_64 0.1.0 3.30 33.95 37.25 NOTE
r-release-linux-x86_64 0.1.0 2.71 34.17 36.88 NOTE
r-release-macos-arm64 0.1.0 21.00 NOTE
r-release-macos-x86_64 0.1.0 26.00 NOTE
r-release-windows-x86_64 0.1.0 28.00 65.00 93.00 NOTE
r-oldrel-macos-arm64 0.1.0 24.00 NOTE
r-oldrel-macos-x86_64 0.1.0 44.00 NOTE
r-oldrel-windows-ix86+x86_64 0.1.0 7.00 61.00 68.00 NOTE

Check Details

Version: 0.1.0
Check: LazyData
Result: NOTE
     'LazyData' is specified without a 'data' directory
Flavors: r-devel-linux-x86_64-debian-clang, r-devel-linux-x86_64-debian-gcc, r-devel-linux-x86_64-fedora-clang, r-devel-linux-x86_64-fedora-gcc, r-devel-windows-x86_64, r-patched-linux-x86_64, r-release-linux-x86_64, r-release-macos-arm64, r-release-macos-x86_64, r-release-windows-x86_64, r-oldrel-macos-arm64, r-oldrel-macos-x86_64, r-oldrel-windows-ix86+x86_64