CRAN Package Check Results for Package sara4r

Last updated on 2021-09-28 05:48:55 CEST.

Flavor Version Tinstall Tcheck Ttotal Status Flags
r-devel-linux-x86_64-debian-clang 0.0.8 15.94 110.92 126.86 NOTE
r-devel-linux-x86_64-debian-gcc 0.0.8 11.49 85.16 96.65 NOTE
r-devel-linux-x86_64-fedora-clang 0.0.8 159.05 NOTE
r-devel-linux-x86_64-fedora-gcc 0.0.8 147.47 NOTE
r-devel-windows-x86_64 0.0.8 13.00 97.00 110.00 NOTE
r-devel-windows-x86_64-gcc10-UCRT 0.0.8 NOTE
r-patched-linux-x86_64 0.0.8 13.12 105.33 118.45 NOTE
r-patched-solaris-x86 0.0.8 226.50 NOTE
r-release-linux-x86_64 0.0.8 12.62 106.31 118.93 NOTE
r-release-macos-arm64 0.0.8 ERROR
r-release-macos-x86_64 0.0.8 NOTE
r-release-windows-ix86+x86_64 0.0.8 28.00 92.00 120.00 NOTE
r-oldrel-macos-x86_64 0.0.8 OK
r-oldrel-windows-ix86+x86_64 0.0.8 20.00 96.00 116.00 OK

Check Details

Version: 0.0.8
Check: LazyData
Result: NOTE
     'LazyData' is specified without a 'data' directory
Flavors: r-devel-linux-x86_64-debian-clang, r-devel-linux-x86_64-debian-gcc, r-devel-linux-x86_64-fedora-clang, r-devel-linux-x86_64-fedora-gcc, r-devel-windows-x86_64, r-devel-windows-x86_64-gcc10-UCRT, r-patched-linux-x86_64, r-patched-solaris-x86, r-release-linux-x86_64, r-release-macos-x86_64, r-release-windows-ix86+x86_64

Version: 0.0.8
Check: package dependencies
Result: ERROR
    Package required but not available: ‘RGtk2’
    
    See section ‘The DESCRIPTION file’ in the ‘Writing R Extensions’
    manual.
Flavor: r-release-macos-arm64