CRAN Package Check Results for Package satscanMapper

Last updated on 2021-11-29 05:49:57 CET.

Flavor Version Tinstall Tcheck Ttotal Status Flags
r-devel-linux-x86_64-debian-clang 1.0.1 NOTE
r-devel-linux-x86_64-debian-gcc 1.0.1 8.07 49.87 57.94 NOTE
r-devel-linux-x86_64-fedora-clang 1.0.1 102.18 NOTE
r-devel-linux-x86_64-fedora-gcc 1.0.1 90.11 NOTE
r-devel-windows-x86_64-new-UL 1.0.1 23.00 129.00 152.00 OK
r-devel-windows-x86_64-new-TK 1.0.1 OK
r-devel-windows-x86_64-old 1.0.1 13.00 118.00 131.00 OK
r-patched-linux-x86_64 1.0.1 9.57 61.31 70.88 NOTE
r-patched-solaris-x86 1.0.1 138.50 NOTE
r-release-linux-x86_64 1.0.1 9.14 61.84 70.98 NOTE
r-release-macos-arm64 1.0.1 OK
r-release-macos-x86_64 1.0.1 OK
r-release-windows-ix86+x86_64 1.0.1 32.00 82.00 114.00 OK
r-oldrel-macos-x86_64 1.0.1 OK
r-oldrel-windows-ix86+x86_64 1.0.1 23.00 129.00 152.00 OK

Check Details

Version: 1.0.1
Check: for non-standard things in the check directory
Result: NOTE
    Found the following files/directories:
     'stateLung-R01.pdf' 'stateLung-R01.txt'
Flavors: r-devel-linux-x86_64-debian-clang, r-devel-linux-x86_64-debian-gcc, r-devel-linux-x86_64-fedora-clang, r-devel-linux-x86_64-fedora-gcc, r-patched-linux-x86_64, r-patched-solaris-x86, r-release-linux-x86_64