CRAN Package Check Results for Package sbmSDP

Last updated on 2021-01-15 05:49:04 CET.

Flavor Version Tinstall Tcheck Ttotal Status Flags
r-devel-linux-x86_64-debian-clang 0.2 30.19 33.09 63.28 OK
r-devel-linux-x86_64-debian-gcc 0.2 23.60 25.63 49.23 OK
r-devel-linux-x86_64-fedora-clang 0.2 97.94 NOTE
r-devel-linux-x86_64-fedora-gcc 0.2 83.17 NOTE
r-devel-windows-ix86+x86_64 0.2 60.00 86.00 146.00 OK
r-patched-linux-x86_64 0.2 25.81 32.16 57.97 OK
r-patched-solaris-x86 0.2 90.60 OK
r-release-linux-x86_64 0.2 28.26 32.15 60.41 OK
r-release-macos-x86_64 0.2 OK
r-release-windows-ix86+x86_64 0.2 79.00 69.00 148.00 OK
r-oldrel-macos-x86_64 0.2 OK
r-oldrel-windows-ix86+x86_64 0.2 54.00 58.00 112.00 OK

Check Details

Version: 0.2
Check: compiled code
Result: NOTE
    File ‘sbmSDP/libs/sbmSDP.so’:
     Found no calls to: ‘R_registerRoutines’, ‘R_useDynamicSymbols’
    
    It is good practice to register native routines and to disable symbol
    search.
    
    See ‘Writing portable packages’ in the ‘Writing R Extensions’ manual.
Flavors: r-devel-linux-x86_64-fedora-clang, r-devel-linux-x86_64-fedora-gcc