CRAN Package Check Results for Package sbmSDP

Last updated on 2020-05-30 05:48:16 CEST.

Flavor Version Tinstall Tcheck Ttotal Status Flags
r-devel-linux-x86_64-debian-clang 0.2 30.82 30.90 61.72 OK
r-devel-linux-x86_64-debian-gcc 0.2 26.60 24.63 51.23 OK
r-devel-linux-x86_64-fedora-clang 0.2 86.05 NOTE
r-devel-linux-x86_64-fedora-gcc 0.2 79.35 NOTE
r-devel-windows-ix86+x86_64 0.2 83.00 79.00 162.00 OK
r-patched-linux-x86_64 0.2 26.41 30.90 57.31 OK
r-patched-solaris-x86 0.2 88.80 OK
r-release-linux-x86_64 0.2 25.23 31.11 56.34 OK
r-release-osx-x86_64 0.2 OK
r-release-windows-ix86+x86_64 0.2 64.00 85.00 149.00 OK
r-oldrel-osx-x86_64 0.2 OK
r-oldrel-windows-ix86+x86_64 0.2 75.00 69.00 144.00 OK

Check Details

Version: 0.2
Check: compiled code
Result: NOTE
    File ‘sbmSDP/libs/sbmSDP.so’:
     Found no calls to: ‘R_registerRoutines’, ‘R_useDynamicSymbols’
    
    It is good practice to register native routines and to disable symbol
    search.
    
    See ‘Writing portable packages’ in the ‘Writing R Extensions’ manual.
Flavors: r-devel-linux-x86_64-fedora-clang, r-devel-linux-x86_64-fedora-gcc