CRAN Package Check Results for Package sbmSDP

Last updated on 2019-10-17 05:47:16 CEST.

Flavor Version Tinstall Tcheck Ttotal Status Flags
r-devel-linux-x86_64-debian-clang 0.2 28.65 29.37 58.02 OK
r-devel-linux-x86_64-debian-gcc 0.2 23.27 23.64 46.91 OK
r-devel-linux-x86_64-fedora-clang 0.2 84.81 NOTE
r-devel-linux-x86_64-fedora-gcc 0.2 78.19 NOTE
r-devel-windows-ix86+x86_64 0.2 68.00 67.00 135.00 OK
r-patched-linux-x86_64 0.2 24.32 29.29 53.61 OK
r-patched-solaris-x86 0.2 85.90 OK
r-release-linux-x86_64 0.2 23.67 28.97 52.64 OK
r-release-windows-ix86+x86_64 0.2 50.00 66.00 116.00 OK
r-release-osx-x86_64 0.2 OK
r-oldrel-windows-ix86+x86_64 0.2 45.00 60.00 105.00 OK
r-oldrel-osx-x86_64 0.2 OK

Check Details

Version: 0.2
Check: compiled code
Result: NOTE
    File ‘sbmSDP/libs/sbmSDP.so’:
     Found no calls to: ‘R_registerRoutines’, ‘R_useDynamicSymbols’
    
    It is good practice to register native routines and to disable symbol
    search.
    
    See ‘Writing portable packages’ in the ‘Writing R Extensions’ manual.
Flavors: r-devel-linux-x86_64-fedora-clang, r-devel-linux-x86_64-fedora-gcc