Last updated on 2022-08-09 05:55:54 CEST.
Flavor | Version | Tinstall | Tcheck | Ttotal | Status | Flags |
---|---|---|---|---|---|---|
r-devel-linux-x86_64-debian-clang | 3.1 | 9.03 | 259.70 | 268.73 | OK | |
r-devel-linux-x86_64-debian-gcc | 3.1 | 7.35 | 187.37 | 194.72 | OK | |
r-devel-linux-x86_64-fedora-clang | 3.1 | 317.95 | NOTE | |||
r-devel-linux-x86_64-fedora-gcc | 3.1 | 333.53 | NOTE | |||
r-devel-windows-x86_64 | 3.1 | 18.00 | 280.00 | 298.00 | OK | |
r-patched-linux-x86_64 | 3.1 | 7.15 | 251.79 | 258.94 | OK | |
r-release-linux-x86_64 | 3.1 | OK | ||||
r-release-macos-arm64 | 3.1 | 119.00 | NOTE | |||
r-release-macos-x86_64 | 3.1 | 140.00 | NOTE | |||
r-release-windows-x86_64 | 3.1 | 22.00 | 287.00 | 309.00 | OK | |
r-oldrel-macos-arm64 | 3.1 | 115.00 | NOTE | |||
r-oldrel-macos-x86_64 | 3.1 | 133.00 | NOTE | |||
r-oldrel-windows-ix86+x86_64 | 3.1 | 18.00 | 300.00 | 318.00 | OK |
Version: 3.1
Check: dependencies in R code
Result: NOTE
Namespaces in Imports field not imported from:
‘Matrix’ ‘crayon’
All declared Imports should be used.
Flavors: r-devel-linux-x86_64-fedora-clang, r-devel-linux-x86_64-fedora-gcc, r-release-macos-arm64, r-release-macos-x86_64, r-oldrel-macos-arm64, r-oldrel-macos-x86_64