CRAN Package Check Results for Package scDHA

Last updated on 2022-01-23 05:58:04 CET.

Flavor Version Tinstall Tcheck Ttotal Status Flags
r-devel-linux-x86_64-debian-clang 1.1.2 54.16 124.35 178.51 OK
r-devel-linux-x86_64-debian-gcc 1.1.2 44.04 109.22 153.26 OK
r-devel-linux-x86_64-fedora-clang 1.1.2 233.64 NOTE
r-devel-linux-x86_64-fedora-gcc 1.1.2 213.79 OK
r-devel-windows-x86_64-new-UL 1.1.2 76.00 166.00 242.00 OK
r-devel-windows-x86_64-new-TK 1.1.2 OK
r-patched-linux-x86_64 1.1.2 47.12 121.34 168.46 OK
r-release-linux-x86_64 1.1.2 48.36 120.80 169.16 OK
r-release-macos-arm64 1.1.2 NOTE
r-release-macos-x86_64 1.1.2 NOTE
r-release-windows-ix86+x86_64 1.1.2 128.00 194.00 322.00 NOTE
r-oldrel-macos-x86_64 1.1.2 NOTE
r-oldrel-windows-ix86+x86_64 1.1.2 125.00 193.00 318.00 NOTE

Check Details

Version: 1.1.2
Check: installed package size
Result: NOTE
     installed size is 6.0Mb
     sub-directories of 1Mb or more:
     data 3.2Mb
     libs 2.4Mb
Flavors: r-devel-linux-x86_64-fedora-clang, r-release-macos-arm64, r-release-macos-x86_64, r-release-windows-ix86+x86_64, r-oldrel-macos-x86_64, r-oldrel-windows-ix86+x86_64