CRAN Package Check Results for Package scagnostics

Last updated on 2021-10-20 05:50:56 CEST.

Flavor Version Tinstall Tcheck Ttotal Status Flags
r-devel-linux-x86_64-debian-clang 0.2-4.1 3.18 35.26 38.44 NOTE
r-devel-linux-x86_64-debian-gcc 0.2-4.1 2.81 26.91 29.72 NOTE
r-devel-linux-x86_64-fedora-clang 0.2-4.1 56.75 NOTE
r-devel-linux-x86_64-fedora-gcc 0.2-4.1 46.91 NOTE
r-devel-windows-x86_64 0.2-4.1 5.00 46.00 51.00 OK
r-devel-windows-x86_64-gcc10-UCRT 0.2-4.1 OK
r-patched-linux-x86_64 0.2-4.1 3.50 34.25 37.75 NOTE
r-patched-solaris-x86 0.2-4.1 71.80 OK
r-release-linux-x86_64 0.2-4.1 3.56 34.53 38.09 NOTE
r-release-macos-arm64 0.2-4.1 OK
r-release-macos-x86_64 0.2-4.1 OK
r-release-windows-ix86+x86_64 0.2-4.1 8.00 41.00 49.00 OK
r-oldrel-macos-x86_64 0.2-4.1 OK
r-oldrel-windows-ix86+x86_64 0.2-4.1 7.00 56.00 63.00 OK

Check Details

Version: 0.2-4.1
Check: top-level files
Result: NOTE
    Non-standard file/directory found at top level:
     'src-java'
Flavors: r-devel-linux-x86_64-debian-clang, r-devel-linux-x86_64-debian-gcc, r-devel-linux-x86_64-fedora-clang, r-devel-linux-x86_64-fedora-gcc, r-patched-linux-x86_64, r-release-linux-x86_64