CRAN Package Check Results for Package scanstatistics

Last updated on 2019-07-16 05:48:31 CEST.

Flavor Version Tinstall Tcheck Ttotal Status Flags
r-devel-linux-x86_64-debian-clang 1.0.1 108.81 94.74 203.55 NOTE
r-devel-linux-x86_64-debian-gcc 1.0.1 91.49 72.17 163.66 NOTE
r-devel-linux-x86_64-fedora-clang 1.0.1 282.89 NOTE
r-devel-linux-x86_64-fedora-gcc 1.0.1 282.93 NOTE
r-devel-windows-ix86+x86_64 1.0.1 321.00 127.00 448.00 OK
r-patched-linux-x86_64 1.0.1 106.29 90.43 196.72 NOTE
r-patched-solaris-x86 1.0.1 316.80 OK
r-release-linux-x86_64 1.0.1 107.21 90.66 197.87 NOTE
r-release-windows-ix86+x86_64 1.0.1 273.00 190.00 463.00 OK
r-release-osx-x86_64 1.0.1 OK
r-oldrel-windows-ix86+x86_64 1.0.1 335.00 183.00 518.00 OK
r-oldrel-osx-x86_64 1.0.1 OK

Check Details

Version: 1.0.1
Check: use of SHLIB_OPENMP_*FLAGS in Makefiles
Result: NOTE
     src/Makevars.win: SHLIB_OPENMP_CXXFLAGS is included in PKG_CXXFLAGS but not in PKG_LIBS
     src/Makevars.win: SHLIB_OPENMP_CFLAGS is included in PKG_LIBS but linking is by C++
    Use of these macros is discussed in sect 1.2.1.1 of 'Writing R
    Extensions'. The macros for different languages may differ so the
    matching macro must be used in PKG_CXXFLAGS (etc) and match that used
    in PKG_LIBS (except for Fortran: see the manual).
Flavors: r-devel-linux-x86_64-debian-clang, r-devel-linux-x86_64-debian-gcc, r-devel-linux-x86_64-fedora-clang, r-devel-linux-x86_64-fedora-gcc, r-patched-linux-x86_64, r-release-linux-x86_64