CRAN Package Check Results for Package scattermore

Last updated on 2022-01-20 05:50:35 CET.

Flavor Version Tinstall Tcheck Ttotal Status Flags
r-devel-linux-x86_64-debian-clang 0.7 NOTE
r-devel-linux-x86_64-debian-gcc 0.7 4.32 52.67 56.99 NOTE
r-devel-linux-x86_64-fedora-clang 0.7 93.14 NOTE
r-devel-linux-x86_64-fedora-gcc 0.7 78.47 NOTE
r-devel-windows-x86_64-new-UL 0.7 48.00 97.00 145.00 NOTE
r-devel-windows-x86_64-new-TK 0.7 NOTE
r-patched-linux-x86_64 0.7 4.41 65.99 70.40 NOTE
r-release-linux-x86_64 0.7 NOTE
r-release-macos-arm64 0.7 NOTE
r-release-macos-x86_64 0.7 NOTE
r-release-windows-ix86+x86_64 0.7 18.00 124.00 142.00 NOTE
r-oldrel-macos-x86_64 0.7 OK
r-oldrel-windows-ix86+x86_64 0.7 15.00 126.00 141.00 OK

Check Details

Version: 0.7
Check: LazyData
Result: NOTE
     'LazyData' is specified without a 'data' directory
Flavors: r-devel-linux-x86_64-debian-clang, r-devel-linux-x86_64-debian-gcc, r-devel-linux-x86_64-fedora-clang, r-devel-linux-x86_64-fedora-gcc, r-devel-windows-x86_64-new-UL, r-devel-windows-x86_64-new-TK, r-patched-linux-x86_64, r-release-linux-x86_64, r-release-macos-arm64, r-release-macos-x86_64, r-release-windows-ix86+x86_64