CRAN Package Check Results for Package sccore

Last updated on 2021-01-18 05:47:38 CET.

Flavor Version Tinstall Tcheck Ttotal Status Flags
r-devel-linux-x86_64-debian-clang 0.1.1 73.84 70.17 144.01 OK
r-devel-linux-x86_64-debian-gcc 0.1.1 49.81 53.53 103.34 OK
r-devel-windows-ix86+x86_64 0.1.1 125.00 117.00 242.00 OK
r-patched-linux-x86_64 0.1.1 57.33 64.55 121.88 OK
r-release-linux-x86_64 0.1.1 59.47 64.35 123.82 OK
r-release-macos-x86_64 0.1.1 NOTE
r-release-windows-ix86+x86_64 0.1.1 144.00 110.00 254.00 OK
r-oldrel-macos-x86_64 0.1.1 NOTE
r-oldrel-windows-ix86+x86_64 0.1.1 154.00 120.00 274.00 OK

Additional issues

noOMP noOMP

Check Details

Version: 0.1.1
Check: installed package size
Result: NOTE
     installed size is 5.4Mb
     sub-directories of 1Mb or more:
     libs 4.6Mb
Flavors: r-release-macos-x86_64, r-oldrel-macos-x86_64