CRAN Package Check Results for Package scoper

Last updated on 2021-06-23 05:49:42 CEST.

Flavor Version Tinstall Tcheck Ttotal Status Flags
r-devel-linux-x86_64-debian-clang 1.1.0 59.63 426.38 486.01 OK
r-devel-linux-x86_64-debian-gcc 1.1.0 42.60 318.25 360.85 OK
r-devel-linux-x86_64-fedora-clang 1.1.0 592.42 OK
r-devel-linux-x86_64-fedora-gcc 1.1.0 584.67 OK
r-devel-windows-x86_64 1.1.0 78.00 484.00 562.00 OK
r-devel-windows-x86_64-gcc10-UCRT 1.1.0 OK
r-patched-linux-x86_64 1.1.0 53.82 406.97 460.79 OK
r-patched-solaris-x86 1.1.0 775.40 OK
r-release-linux-x86_64 1.1.0 47.96 405.55 453.51 OK
r-release-macos-arm64 1.1.0 ERROR
r-release-macos-x86_64 1.1.0 OK
r-release-windows-ix86+x86_64 1.1.0 93.00 501.00 594.00 OK
r-oldrel-macos-x86_64 1.1.0 OK

Check Details

Version: 1.1.0
Check: package dependencies
Result: ERROR
    Packages required but not available: 'alakazam', 'shazam'
    
    See section ‘The DESCRIPTION file’ in the ‘Writing R Extensions’
    manual.
Flavor: r-release-macos-arm64