CRAN Package Check Results for Package scopr

Last updated on 2020-07-15 05:48:21 CEST.

Flavor Version Tinstall Tcheck Ttotal Status Flags
r-devel-linux-x86_64-debian-clang 0.3.3 3.56 131.97 135.53 OK
r-devel-linux-x86_64-debian-gcc 0.3.3 2.59 170.19 172.78 OK
r-devel-linux-x86_64-fedora-clang 0.3.3 122.83 OK
r-devel-linux-x86_64-fedora-gcc 0.3.3 127.32 OK
r-devel-windows-ix86+x86_64 0.3.3 14.00 69.00 83.00 OK
r-patched-linux-x86_64 0.3.3 3.12 142.35 145.47 OK
r-patched-solaris-x86 0.3.3 103.30 OK
r-release-linux-x86_64 0.3.3 3.03 141.14 144.17 OK
r-release-macos-x86_64 0.3.3 ERROR
r-release-windows-ix86+x86_64 0.3.3 13.00 67.00 80.00 OK
r-oldrel-macos-x86_64 0.3.3 OK
r-oldrel-windows-ix86+x86_64 0.3.3 10.00 94.00 104.00 OK

Check Details

Version: 0.3.3
Check: whether package can be installed
Result: ERROR
    Installation failed.
Flavor: r-release-macos-x86_64