Last updated on 2021-01-22 05:50:40 CET.
Flavor | Version | Tinstall | Tcheck | Ttotal | Status | Flags |
---|---|---|---|---|---|---|
r-devel-linux-x86_64-debian-clang | 1.0.1 | 66.74 | 284.59 | 351.33 | OK | |
r-devel-linux-x86_64-debian-gcc | 1.0.1 | 44.10 | 212.57 | 256.67 | OK | |
r-devel-linux-x86_64-fedora-clang | 1.0.1 | 441.69 | NOTE | |||
r-devel-linux-x86_64-fedora-gcc | 1.0.1 | 434.52 | OK | |||
r-devel-windows-ix86+x86_64 | 1.0.1 | 146.00 | 344.00 | 490.00 | OK | |
r-patched-linux-x86_64 | 1.0.1 | 50.10 | 273.15 | 323.25 | OK | |
r-patched-solaris-x86 | 1.0.1 | 571.70 | OK | |||
r-release-linux-x86_64 | 1.0.1 | 57.71 | 267.52 | 325.23 | OK | |
r-release-macos-x86_64 | 1.0.1 | NOTE | ||||
r-release-windows-ix86+x86_64 | 1.0.1 | 125.00 | 405.00 | 530.00 | OK | |
r-oldrel-macos-x86_64 | 1.0.1 | WARN | ||||
r-oldrel-windows-ix86+x86_64 | 1.0.1 | 95.00 | 330.00 | 425.00 | OK |
Version: 1.0.1
Check: installed package size
Result: NOTE
installed size is 5.0Mb
sub-directories of 1Mb or more:
libs 3.2Mb
Flavors: r-devel-linux-x86_64-fedora-clang, r-release-macos-x86_64, r-oldrel-macos-x86_64
Version: 1.0.1
Check: re-building of vignette outputs
Result: WARN
Error(s) in re-building vignettes:
...
--- re-building ‘gettingstarted.Rmd’ using rmarkdown
Warning in engine$weave(file, quiet = quiet, encoding = enc) :
Pandoc (>= 1.12.3) and/or pandoc-citeproc not available. Falling back to R Markdown v1.
--- finished re-building ‘gettingstarted.Rmd’
--- re-building ‘article.Rnw’ using knitr
Error: processing vignette 'article.Rnw' failed with diagnostics:
Running 'texi2dvi' on 'article.tex' failed.
LaTeX errors:
!pdfTeX error: pdflatex (file bbm10): Font bbm10 at 657 not found
==> Fatal error occurred, no output PDF file produced!
--- failed re-building ‘article.Rnw’
SUMMARY: processing the following file failed:
‘article.Rnw’
Error: Vignette re-building failed.
Execution halted
Flavor: r-oldrel-macos-x86_64